{"id":435,"date":"2025-03-13T11:13:09","date_gmt":"2025-03-13T11:13:09","guid":{"rendered":"https:\/\/www.carewell.es\/?page_id=435"},"modified":"2025-04-01T10:48:11","modified_gmt":"2025-04-01T10:48:11","slug":"documentales","status":"publish","type":"page","link":"https:\/\/www.carewell.es\/index.php\/documentales\/","title":{"rendered":"Documentales"},"content":{"rendered":"<p>[vc_row][vc_column][vc_column_text]<\/p>\n<h5>El equipo espa\u00f1ol ha producido dos documentales en el marco del proyecto Carewell:<\/h5>\n<p>[\/vc_column_text][\/vc_column][\/vc_row][vc_row][vc_column width=&#8221;1\/2&#8243;]<h3 class=\"grve-element grve-title grve-align-left grve-h3\" style=\"\"><span><strong>CareWell: Inmigraci\u00f3n y Cuidados Transnacionales<\/strong><span class=\"grve-title-line grve-bg-primary-1\" style=\"width: 50px;height: 2px;\"><\/span><\/span><\/h3>[vc_column_text]<\/p>\n<h5>Este documental ha examinado las relaciones entre el cuidado, las desigualdades y el bienestar en diferentes generaciones de familias transnacionales en Europa. El documental aporta valiosos conocimientos sobre los impactos de la pandemia de COVID-19 en la salud, la econom\u00eda, la vida social y emocional de las familias transnacionales, destacando sus estrategias de cuidado y movilidad. Adem\u00e1s, ofrece una perspectiva alternativa sobre el papel de la inmigraci\u00f3n, enfatizando su contribuci\u00f3n fundamental como pilar del cuidado en la sociedad espa\u00f1ola.<\/h5>\n<h5><strong>Link:<\/strong> <a href=\"https:\/\/youtu.be\/jdueG5pm6nI\" target=\"_blank\" rel=\"noopener\">https:\/\/youtu.be\/jdueG5pm6nI<\/a><\/h5>\n<p>[\/vc_column_text][\/vc_column][vc_column width=&#8221;1\/2&#8243;]<div class=\"grve-element grve-image grve-align-left\" style=\"margin-bottom: 2%;\">  <div class=\"grve-image-wrapper\"><img decoding=\"async\" width=\"1128\" height=\"636\" src=\"https:\/\/www.carewell.es\/wp-content\/uploads\/2025\/03\/Captura-de-Pantalla-2025-03-13-a-las-12.10.13.png\" class=\"attachment-full size-full\" alt=\"\" srcset=\"https:\/\/www.carewell.es\/wp-content\/uploads\/2025\/03\/Captura-de-Pantalla-2025-03-13-a-las-12.10.13.png 1128w, https:\/\/www.carewell.es\/wp-content\/uploads\/2025\/03\/Captura-de-Pantalla-2025-03-13-a-las-12.10.13-300x169.png 300w, https:\/\/www.carewell.es\/wp-content\/uploads\/2025\/03\/Captura-de-Pantalla-2025-03-13-a-las-12.10.13-1024x577.png 1024w, https:\/\/www.carewell.es\/wp-content\/uploads\/2025\/03\/Captura-de-Pantalla-2025-03-13-a-las-12.10.13-768x433.png 768w\" sizes=\"(max-width: 1128px) 100vw, 1128px\" \/>   <\/div><\/div>[\/vc_column][\/vc_row][vc_row][vc_column width=&#8221;1\/2&#8243;]<h3 class=\"grve-element grve-title grve-align-left grve-h3\" style=\"\"><span><strong>CareWell: Reflexiones sobre el m\u00e9todo Fotovoz en Espa\u00f1a<\/strong><span class=\"grve-title-line grve-bg-primary-1\" style=\"width: 50px;height: 2px;\"><\/span><\/span><\/h3>[vc_column_text]<\/p>\n<h5>En el segundo documental se aborda la metodolog\u00eda implementada en el proyecto Carewell,\u00a0 basada en una etnograf\u00eda multisituada y m\u00e9todos visuales, combinados con la investigaci\u00f3n-acci\u00f3n participativa, con el objetivo de coproducir el estudio con diversos actores sociales, incluyendo la participaci\u00f3n de investigadores\/as comunitarios\/as. Un\/a investigador\/a comunitario\/a es una persona de origen migrante que lleva a cabo investigaci\u00f3n participativa dentro de una comunidad, trabajando directamente con sus miembros para identificar problemas, recopilar datos y proponer soluciones.<\/h5>\n<p>[\/vc_column_text][vc_tta_accordion c_icon=&#8221;&#8221; active_section=&#8221;0&#8243; accordion_style=&#8221;style-2&#8243;][vc_tta_section i_icon_fontawesome=&#8221;fas fa-angle-down&#8221; add_icon=&#8221;true&#8221; title=&#8221;Leer m\u00e1s&#8221; tab_id=&#8221;1743504022968-9ed16ed5-9345&#8243;][vc_column_text]<\/p>\n<h5>En el caso de Espa\u00f1a, implementamos la t\u00e9cnica del fotovoz.\u00a0 Esta aproximaci\u00f3n metodol\u00f3gica profundiza en el estudio de los aspectos materiales del cuidado transnacional y las emociones que circulan a trav\u00e9s de im\u00e1genes fotogr\u00e1ficas capturadas con dispositivos digitales m\u00f3viles. El documental presenta los resultados del proyecto de fotovoz realizado en Espa\u00f1a con miembros de familias transnacionales en distintos pa\u00edses de \u00c1frica y Am\u00e9rica Latina. El fotovoz facilita la creaci\u00f3n y documentaci\u00f3n de im\u00e1genes que retratan c\u00f3mo se practica el cuidado, permitiendo una exploraci\u00f3n m\u00e1s profunda de la dimensi\u00f3n digital que ha adquirido el cuidado, especialmente su relevancia en el contexto pospandemia, donde las emociones han adquirido nuevos significados.\u00a0 El documental aporta valiosos conocimientos sobre los impactos de la pandemia de COVID-19 en la salud, la econom\u00eda, la vida social y emocional de las familias transnacionales, destacando sus estrategias de cuidado y movilidad. Adem\u00e1s, ofrece una perspectiva alternativa sobre el papel de la inmigraci\u00f3n, enfatizando su contribuci\u00f3n fundamental como pilar del cuidado en la sociedad espa\u00f1ola.<\/h5>\n<p>[\/vc_column_text][\/vc_tta_section][\/vc_tta_accordion][vc_column_text]<\/p>\n<h5><\/h5>\n<h5><strong>Link:<\/strong> <a href=\"https:\/\/youtu.be\/7r8lclKa8K4\" target=\"_blank\" rel=\"noopener\">https:\/\/youtu.be\/7r8lclKa8K4<\/a><\/h5>\n<p>[\/vc_column_text][\/vc_column][vc_column width=&#8221;1\/2&#8243;]<div class=\"grve-element grve-image grve-align-left\" style=\"margin-bottom: 2%;\">  <div class=\"grve-image-wrapper\"><img decoding=\"async\" width=\"1156\" height=\"578\" src=\"https:\/\/www.carewell.es\/wp-content\/uploads\/2025\/03\/Captura-de-Pantalla-2025-03-13-a-las-12.10.37.png\" class=\"attachment-full size-full\" alt=\"\" srcset=\"https:\/\/www.carewell.es\/wp-content\/uploads\/2025\/03\/Captura-de-Pantalla-2025-03-13-a-las-12.10.37.png 1156w, https:\/\/www.carewell.es\/wp-content\/uploads\/2025\/03\/Captura-de-Pantalla-2025-03-13-a-las-12.10.37-300x150.png 300w, https:\/\/www.carewell.es\/wp-content\/uploads\/2025\/03\/Captura-de-Pantalla-2025-03-13-a-las-12.10.37-1024x512.png 1024w, https:\/\/www.carewell.es\/wp-content\/uploads\/2025\/03\/Captura-de-Pantalla-2025-03-13-a-las-12.10.37-768x384.png 768w\" sizes=\"(max-width: 1156px) 100vw, 1156px\" \/>   <\/div><\/div>[\/vc_column][\/vc_row][vc_row][vc_column width=&#8221;1\/2&#8243;]<h3 class=\"grve-element grve-title grve-align-left grve-h3\" style=\"\"><span><strong>Documental general del proyecto europeo<\/strong><span class=\"grve-title-line grve-bg-primary-1\" style=\"width: 50px;height: 2px;\"><\/span><\/span><\/h3>[vc_column_text]El equipo espa\u00f1ol tambi\u00e9n particip\u00f3 en la elaboraci\u00f3n de un <strong>documental general del proyecto europeo<\/strong>:<\/p>\n<h5><strong>Link: <\/strong><a href=\"http:\/\/www.youtube.com\/@CAREWELLTransnationalFamilies\">www.youtube.com\/@CAREWELLTransnationalFamilies<\/a><\/h5>\n<p>[\/vc_column_text][\/vc_column][vc_column width=&#8221;1\/2&#8243;]<div class=\"grve-element grve-image grve-align-left\" style=\"margin-bottom: 2%;\">  <div class=\"grve-image-wrapper\"><img decoding=\"async\" width=\"2560\" height=\"1471\" src=\"https:\/\/www.carewell.es\/wp-content\/uploads\/2025\/03\/Captura-de-Pantalla-2025-03-18-a-las-13.42.42-e1742302363487.png\" class=\"attachment-full size-full\" alt=\"\" srcset=\"https:\/\/www.carewell.es\/wp-content\/uploads\/2025\/03\/Captura-de-Pantalla-2025-03-18-a-las-13.42.42-e1742302363487.png 2560w, https:\/\/www.carewell.es\/wp-content\/uploads\/2025\/03\/Captura-de-Pantalla-2025-03-18-a-las-13.42.42-e1742302363487-300x172.png 300w, https:\/\/www.carewell.es\/wp-content\/uploads\/2025\/03\/Captura-de-Pantalla-2025-03-18-a-las-13.42.42-e1742302363487-1024x589.png 1024w, https:\/\/www.carewell.es\/wp-content\/uploads\/2025\/03\/Captura-de-Pantalla-2025-03-18-a-las-13.42.42-e1742302363487-768x441.png 768w, https:\/\/www.carewell.es\/wp-content\/uploads\/2025\/03\/Captura-de-Pantalla-2025-03-18-a-las-13.42.42-e1742302363487-1536x883.png 1536w, https:\/\/www.carewell.es\/wp-content\/uploads\/2025\/03\/Captura-de-Pantalla-2025-03-18-a-las-13.42.42-e1742302363487-1920x1103.png 1920w\" sizes=\"(max-width: 2560px) 100vw, 2560px\" \/>   <\/div><\/div>[\/vc_column][\/vc_row][vc_row][vc_column width=&#8221;1\/2&#8243;]<h3 class=\"grve-element grve-title grve-align-left grve-h3\" style=\"\"><span><strong>Seminario &#8220;Mercado de traballo e x\u00e9nero&#8221;<\/strong><span class=\"grve-title-line grve-bg-primary-1\" style=\"width: 50px;height: 2px;\"><\/span><\/span><\/h3>[vc_column_text]<\/p>\n<h5>Presentaci\u00f3n de los resultados preliminares del Carewell. Oso, L. y Mart\u00ednez-Buj\u00e1n, R. CISPAC, 3 de marzo de 2023.<\/h5>\n<h5><strong>Link:<\/strong> <a href=\"https:\/\/cispac.gal\/mediateca\/v-dia-de-parolada-do-cispac\/\">https:\/\/cispac.gal\/mediateca\/v-dia-de-parolada-do-cispac\/<\/a><\/h5>\n<p>[\/vc_column_text][\/vc_column][vc_column width=&#8221;1\/2&#8243;]<div class=\"grve-element grve-image grve-align-left\" style=\"margin-bottom: 2%;\">  <div class=\"grve-image-wrapper\"><img decoding=\"async\" width=\"1552\" height=\"864\" src=\"https:\/\/www.carewell.es\/wp-content\/uploads\/2025\/03\/Captura-de-Pantalla-2025-03-18-a-las-13.44.18.png\" class=\"attachment-full size-full\" alt=\"\" srcset=\"https:\/\/www.carewell.es\/wp-content\/uploads\/2025\/03\/Captura-de-Pantalla-2025-03-18-a-las-13.44.18.png 1552w, https:\/\/www.carewell.es\/wp-content\/uploads\/2025\/03\/Captura-de-Pantalla-2025-03-18-a-las-13.44.18-300x167.png 300w, https:\/\/www.carewell.es\/wp-content\/uploads\/2025\/03\/Captura-de-Pantalla-2025-03-18-a-las-13.44.18-1024x570.png 1024w, https:\/\/www.carewell.es\/wp-content\/uploads\/2025\/03\/Captura-de-Pantalla-2025-03-18-a-las-13.44.18-768x428.png 768w, https:\/\/www.carewell.es\/wp-content\/uploads\/2025\/03\/Captura-de-Pantalla-2025-03-18-a-las-13.44.18-1536x855.png 1536w\" sizes=\"(max-width: 1552px) 100vw, 1552px\" \/>   <\/div><\/div>[\/vc_column][\/vc_row][vc_row][vc_column width=&#8221;1\/2&#8243;]<h3 class=\"grve-element grve-title grve-align-left grve-h3\" style=\"\"><span><strong>Conferencia &#8220;Una mirada de g\u00e9nero al estudio de las migraciones Internacionales&#8221;<\/strong><span class=\"grve-title-line grve-bg-primary-1\" style=\"width: 50px;height: 2px;\"><\/span><\/span><\/h3>[vc_column_text]<\/p>\n<h5>Begirune Fundazioa.<\/h5>\n<h5><strong>Link:<\/strong> <a href=\"https:\/\/www.youtube.com\/watch?v=EfA3mUBOVTY\">https:\/\/www.youtube.com\/watch?v=EfA3mUBOVTY<\/a><\/h5>\n<p>[\/vc_column_text][\/vc_column][vc_column width=&#8221;1\/2&#8243;]<div class=\"grve-element grve-image grve-align-left\" style=\"margin-bottom: 2%;\">  <div class=\"grve-image-wrapper\"><img decoding=\"async\" width=\"2544\" height=\"1176\" src=\"https:\/\/www.carewell.es\/wp-content\/uploads\/2025\/03\/Captura-de-Pantalla-2025-03-18-a-las-13.46.02.png\" class=\"attachment-full size-full\" alt=\"\" srcset=\"https:\/\/www.carewell.es\/wp-content\/uploads\/2025\/03\/Captura-de-Pantalla-2025-03-18-a-las-13.46.02.png 2544w, https:\/\/www.carewell.es\/wp-content\/uploads\/2025\/03\/Captura-de-Pantalla-2025-03-18-a-las-13.46.02-300x139.png 300w, https:\/\/www.carewell.es\/wp-content\/uploads\/2025\/03\/Captura-de-Pantalla-2025-03-18-a-las-13.46.02-1024x473.png 1024w, https:\/\/www.carewell.es\/wp-content\/uploads\/2025\/03\/Captura-de-Pantalla-2025-03-18-a-las-13.46.02-768x355.png 768w, https:\/\/www.carewell.es\/wp-content\/uploads\/2025\/03\/Captura-de-Pantalla-2025-03-18-a-las-13.46.02-1536x710.png 1536w, https:\/\/www.carewell.es\/wp-content\/uploads\/2025\/03\/Captura-de-Pantalla-2025-03-18-a-las-13.46.02-1920x888.png 1920w\" sizes=\"(max-width: 2544px) 100vw, 2544px\" \/>   <\/div><\/div>[\/vc_column][\/vc_row]<\/p>\n","protected":false},"excerpt":{"rendered":"<p>[vc_row][vc_column][vc_column_text] El equipo espa\u00f1ol ha producido dos documentales en el marco del proyecto Carewell: [\/vc_column_text][\/vc_column][\/vc_row][vc_row][vc_column width=&#8221;1\/2&#8243;][vc_column_text] Este documental ha examinado las relaciones entre el cuidado, las desigualdades y el bienestar en diferentes generaciones de familias transnacionales en Europa. El documental aporta valiosos conocimientos sobre los impactos de la pandemia de COVID-19 en la salud, la [&hellip;]<\/p>\n","protected":false},"author":1,"featured_media":0,"parent":0,"menu_order":0,"comment_status":"closed","ping_status":"closed","template":"","meta":{"footnotes":""},"class_list":["post-435","page","type-page","status-publish","hentry"],"_links":{"self":[{"href":"https:\/\/www.carewell.es\/index.php\/wp-json\/wp\/v2\/pages\/435","targetHints":{"allow":["GET"]}}],"collection":[{"href":"https:\/\/www.carewell.es\/index.php\/wp-json\/wp\/v2\/pages"}],"about":[{"href":"https:\/\/www.carewell.es\/index.php\/wp-json\/wp\/v2\/types\/page"}],"author":[{"embeddable":true,"href":"https:\/\/www.carewell.es\/index.php\/wp-json\/wp\/v2\/users\/1"}],"replies":[{"embeddable":true,"href":"https:\/\/www.carewell.es\/index.php\/wp-json\/wp\/v2\/comments?post=435"}],"version-history":[{"count":28,"href":"https:\/\/www.carewell.es\/index.php\/wp-json\/wp\/v2\/pages\/435\/revisions"}],"predecessor-version":[{"id":640,"href":"https:\/\/www.carewell.es\/index.php\/wp-json\/wp\/v2\/pages\/435\/revisions\/640"}],"wp:attachment":[{"href":"https:\/\/www.carewell.es\/index.php\/wp-json\/wp\/v2\/media?parent=435"}],"curies":[{"name":"wp","href":"https:\/\/api.w.org\/{rel}","templated":true}]}}