{"id":398,"date":"2025-03-13T10:26:41","date_gmt":"2025-03-13T10:26:41","guid":{"rendered":"https:\/\/www.carewell.es\/?page_id=398"},"modified":"2025-03-13T10:44:21","modified_gmt":"2025-03-13T10:44:21","slug":"ma-isabel-rodriguez-doldan","status":"publish","type":"page","link":"https:\/\/www.carewell.es\/index.php\/ma-isabel-rodriguez-doldan\/","title":{"rendered":"M\u00aa Isabel Rodr\u00edguez Dold\u00e1n"},"content":{"rendered":"<p>[vc_row][vc_column][vc_column_text css=&#8221;.vc_custom_1741861571331{padding-bottom: 2% !important;}&#8221;]<img decoding=\"async\" class=\"alignnone wp-image-399 size-thumbnail\" src=\"https:\/\/www.carewell.es\/wp-content\/uploads\/2025\/03\/misabel_R-150x150.jpg\" alt=\"\" width=\"150\" height=\"150\" srcset=\"https:\/\/www.carewell.es\/wp-content\/uploads\/2025\/03\/misabel_R-150x150.jpg 150w, https:\/\/www.carewell.es\/wp-content\/uploads\/2025\/03\/misabel_R-300x300.jpg 300w, https:\/\/www.carewell.es\/wp-content\/uploads\/2025\/03\/misabel_R.jpg 500w\" sizes=\"(max-width: 150px) 100vw, 150px\" \/>[\/vc_column_text]<h3 class=\"grve-element grve-title grve-align-left grve-h3\" style=\"\"><span><strong>M\u00aa Isabel Rodr\u00edguez Dold\u00e1n<\/strong><span class=\"grve-title-line grve-bg-primary-1\" style=\"width: 250px;height: 2px;\"><\/span><\/span><\/h3>[vc_column_text]M\u00aa Isabel Rodr\u00edguez Dold\u00e1n actualmente esta cursando el Programa Oficial de Doctoramiento en Ciencias Sociales y del Comportamiento en la Facultad de Sociolog\u00eda de la Universidad de A Coru\u00f1a. Es graduada en Sociolog\u00eda en 2021 por la misma universidad, donde tambi\u00e9n curso el M\u00e1ster en Pol\u00edticas Sociales e intervenci\u00f3n Sociocomunitaria especializ\u00e1ndose en migraciones internacionales, finalizando sus estudios en 2023. Colabor\u00f3 en el proyecto &#8216;Welcoming Spaces&#8217; in Europe: revitalizing shrinking areas by hosting non-EU migrants, ID: 870952, desarrollado junto a otras 8 universidades y financiado por la Union Europea en el seno del programa Horizonte 2020.[\/vc_column_text][\/vc_column][\/vc_row][vc_row][vc_column]<div class=\"grve-empty-space\" style=\"height: 600px;\"><\/div>[\/vc_column][\/vc_row]<\/p>\n","protected":false},"excerpt":{"rendered":"<p>[vc_row][vc_column][vc_column_text css=&#8221;.vc_custom_1741861571331{padding-bottom: 2% !important;}&#8221;][\/vc_column_text][vc_column_text]M\u00aa Isabel Rodr\u00edguez Dold\u00e1n actualmente esta cursando el Programa Oficial de Doctoramiento en Ciencias Sociales y del Comportamiento en la Facultad de Sociolog\u00eda de la Universidad de A Coru\u00f1a. Es graduada en Sociolog\u00eda en 2021 por la misma universidad, donde tambi\u00e9n curso el M\u00e1ster en Pol\u00edticas Sociales e intervenci\u00f3n Sociocomunitaria especializ\u00e1ndose en [&hellip;]<\/p>\n","protected":false},"author":1,"featured_media":0,"parent":0,"menu_order":0,"comment_status":"closed","ping_status":"closed","template":"","meta":{"footnotes":""},"class_list":["post-398","page","type-page","status-publish","hentry"],"_links":{"self":[{"href":"https:\/\/www.carewell.es\/index.php\/wp-json\/wp\/v2\/pages\/398","targetHints":{"allow":["GET"]}}],"collection":[{"href":"https:\/\/www.carewell.es\/index.php\/wp-json\/wp\/v2\/pages"}],"about":[{"href":"https:\/\/www.carewell.es\/index.php\/wp-json\/wp\/v2\/types\/page"}],"author":[{"embeddable":true,"href":"https:\/\/www.carewell.es\/index.php\/wp-json\/wp\/v2\/users\/1"}],"replies":[{"embeddable":true,"href":"https:\/\/www.carewell.es\/index.php\/wp-json\/wp\/v2\/comments?post=398"}],"version-history":[{"count":3,"href":"https:\/\/www.carewell.es\/index.php\/wp-json\/wp\/v2\/pages\/398\/revisions"}],"predecessor-version":[{"id":418,"href":"https:\/\/www.carewell.es\/index.php\/wp-json\/wp\/v2\/pages\/398\/revisions\/418"}],"wp:attachment":[{"href":"https:\/\/www.carewell.es\/index.php\/wp-json\/wp\/v2\/media?parent=398"}],"curies":[{"name":"wp","href":"https:\/\/api.w.org\/{rel}","templated":true}]}}

Mª Isabel Rodríguez Doldán

<p>[vc_row][vc_column][vc_column_text css=&#8221;.vc_custom_1741861571331{padding-bottom: 2% !important;}&#8221;]<img decoding="async" class="alignnone wp-image-399 size-thumbnail" src="https://www.carewell.es/wp-content/uploads/2025/03/misabel_R-150x150.jpg" alt="" width="150" height="150" srcset="https://www.carewell.es/wp-content/uploads/2025/03/misabel_R-150x150.jpg 150w, https://www.carewell.es/wp-content/uploads/2025/03/misabel_R-300x300.jpg 300w, https://www.carewell.es/wp-content/uploads/2025/03/misabel_R.jpg 500w" sizes="(max-width: 150px) 100vw, 150px" />[/vc_column_text]<h3 class="grve-element grve-title grve-align-left grve-h3" style=""><span><strong>Mª Isabel Rodríguez Doldán</strong><span class="grve-title-line grve-bg-primary-1" style="width: 250px;height: 2px;"></span></span></h3>[vc_column_text]Mª Isabel Rodríguez Doldán actualmente esta cursando el Programa Oficial de Doctoramiento en Ciencias Sociales y del Comportamiento en la Facultad de Sociología de la Universidad de A Coruña. Es graduada en Sociología en 2021 por la misma universidad, donde también curso el Máster en Políticas Sociales e intervención Sociocomunitaria especializándose en migraciones internacionales, finalizando sus estudios en 2023. Colaboró en el proyecto &#8216;Welcoming Spaces&#8217; in Europe: revitalizing shrinking areas by hosting non-EU migrants, ID: 870952, desarrollado junto a otras 8 universidades y financiado por la Union Europea en el seno del programa Horizonte 2020.[/vc_column_text][/vc_column][/vc_row][vc_row][vc_column]<div class="grve-empty-space" style="height: 600px;"></div>[/vc_column][/vc_row]</p>

<p>[vc_row][vc_column][vc_column_text css=&#8221;.vc_custom_1741861571331{padding-bottom: 2% !important;}&#8221;][/vc_column_text][vc_column_text]Mª Isabel Rodríguez Doldán actualmente esta cursando el Programa Oficial de Doctoramiento en Ciencias Sociales y del Comportamiento en la Facultad de Sociología de la Universidad de A Coruña. Es graduada en Sociología en 2021 por la misma universidad, donde también curso el Máster en Políticas Sociales e intervención Sociocomunitaria especializándose en [&hellip;]</p>
