{"id":236,"date":"2025-01-24T13:25:08","date_gmt":"2025-01-24T13:25:08","guid":{"rendered":"https:\/\/www.carewell.es\/?page_id=236"},"modified":"2025-01-24T13:25:32","modified_gmt":"2025-01-24T13:25:32","slug":"antia-eijo-mejuto","status":"publish","type":"page","link":"https:\/\/www.carewell.es\/index.php\/antia-eijo-mejuto\/","title":{"rendered":"Ant\u00eda Eijo Mejuto"},"content":{"rendered":"<p>[vc_row][vc_column][vc_column_text css=&#8221;.vc_custom_1737725082027{padding-bottom: 2% !important;}&#8221;]<img decoding=\"async\" class=\"alignnone wp-image-237 size-thumbnail\" src=\"http:\/\/www.carewell.es\/wp-content\/uploads\/2025\/01\/antia_eijo-150x150.jpg\" alt=\"\" width=\"150\" height=\"150\" srcset=\"https:\/\/www.carewell.es\/wp-content\/uploads\/2025\/01\/antia_eijo-150x150.jpg 150w, https:\/\/www.carewell.es\/wp-content\/uploads\/2025\/01\/antia_eijo-300x300.jpg 300w, https:\/\/www.carewell.es\/wp-content\/uploads\/2025\/01\/antia_eijo.jpg 500w\" sizes=\"(max-width: 150px) 100vw, 150px\" \/>[\/vc_column_text]<h3 class=\"grve-element grve-title grve-align-left grve-h3\" style=\"\"><span>Ant\u00eda Eijo Mejuto<span class=\"grve-title-line grve-bg-primary-1\" style=\"width: 250px;height: 2px;\"><\/span><\/span><\/h3>[vc_column_text]Ant\u00eda Eijo Mejuto es contratada predoctoral por la Xunta de Galicia en la Facultad de Sociolog\u00eda de la Universidad de A Coru\u00f1a. Es graduada en Trabajo social por la Universidad de Santiago de Compostela (2018) y curs\u00f3 el M\u00e1ster en Estudios Interdisciplinares de G\u00e9nero en la Universidad Aut\u00f3noma de Madrid (2020), obteniendo el Acc\u00e9sit honor\u00edfico de los Premios Mayte Gallego por su investigaci\u00f3n \u201cMujeres migradas, violencias y crisis de cuidados: diagn\u00f3stico, respuestas y propuestas de la Red de Mujeres latinoamericanas y del Caribe en Espa\u00f1a frente al COVID-19\u201d. Del mismo modo, su Trabajo final de Grado fue publicado en la Revista Galega de Traballo Social \u201cFervenzas\u201d en el a\u00f1o 2020, bajo el t\u00edtulo \u201cImaxinario das traballadoras sociais do Concello de Santiago de Compostela: unha an\u00e1lise cualitativa dende a perspectiva de x\u00e9nero\u201d.<\/p>\n<p>En los \u00faltimos a\u00f1os, Ant\u00eda ha ejercido como trabajadora social y t\u00e9cnica de intervenci\u00f3n social en el \u00e1mbito de las migraciones y del desarrollo rural. En l\u00ednea con esto, sus intereses de investigaci\u00f3n se han centrado principalmente en el g\u00e9nero, las migraciones y los cuidados. Actualmente, desarrolla su tesis doctoral sobre la econom\u00eda social en los cuidados de larga duraci\u00f3n, centr\u00e1ndose en el papel de las cooperativas de trabajadoras de hogar y cuidados.<\/p>\n<p><strong><a href=\"mailto:antia.eijo@udc.es\">antia.eijo@udc.es<\/a><\/strong>[\/vc_column_text][\/vc_column][\/vc_row]<\/p>\n","protected":false},"excerpt":{"rendered":"<p>[vc_row][vc_column][vc_column_text css=&#8221;.vc_custom_1737725082027{padding-bottom: 2% !important;}&#8221;][\/vc_column_text][vc_column_text]Ant\u00eda Eijo Mejuto es contratada predoctoral por la Xunta de Galicia en la Facultad de Sociolog\u00eda de la Universidad de A Coru\u00f1a. Es graduada en Trabajo social por la Universidad de Santiago de Compostela (2018) y curs\u00f3 el M\u00e1ster en Estudios Interdisciplinares de G\u00e9nero en la Universidad Aut\u00f3noma de Madrid (2020), obteniendo [&hellip;]<\/p>\n","protected":false},"author":1,"featured_media":0,"parent":0,"menu_order":0,"comment_status":"closed","ping_status":"closed","template":"","meta":{"footnotes":""},"class_list":["post-236","page","type-page","status-publish","hentry"],"_links":{"self":[{"href":"https:\/\/www.carewell.es\/index.php\/wp-json\/wp\/v2\/pages\/236","targetHints":{"allow":["GET"]}}],"collection":[{"href":"https:\/\/www.carewell.es\/index.php\/wp-json\/wp\/v2\/pages"}],"about":[{"href":"https:\/\/www.carewell.es\/index.php\/wp-json\/wp\/v2\/types\/page"}],"author":[{"embeddable":true,"href":"https:\/\/www.carewell.es\/index.php\/wp-json\/wp\/v2\/users\/1"}],"replies":[{"embeddable":true,"href":"https:\/\/www.carewell.es\/index.php\/wp-json\/wp\/v2\/comments?post=236"}],"version-history":[{"count":1,"href":"https:\/\/www.carewell.es\/index.php\/wp-json\/wp\/v2\/pages\/236\/revisions"}],"predecessor-version":[{"id":238,"href":"https:\/\/www.carewell.es\/index.php\/wp-json\/wp\/v2\/pages\/236\/revisions\/238"}],"wp:attachment":[{"href":"https:\/\/www.carewell.es\/index.php\/wp-json\/wp\/v2\/media?parent=236"}],"curies":[{"name":"wp","href":"https:\/\/api.w.org\/{rel}","templated":true}]}}

Antía Eijo Mejuto

<p>[vc_row][vc_column][vc_column_text css=&#8221;.vc_custom_1737725082027{padding-bottom: 2% !important;}&#8221;]<img decoding="async" class="alignnone wp-image-237 size-thumbnail" src="http://www.carewell.es/wp-content/uploads/2025/01/antia_eijo-150x150.jpg" alt="" width="150" height="150" srcset="https://www.carewell.es/wp-content/uploads/2025/01/antia_eijo-150x150.jpg 150w, https://www.carewell.es/wp-content/uploads/2025/01/antia_eijo-300x300.jpg 300w, https://www.carewell.es/wp-content/uploads/2025/01/antia_eijo.jpg 500w" sizes="(max-width: 150px) 100vw, 150px" />[/vc_column_text]<h3 class="grve-element grve-title grve-align-left grve-h3" style=""><span>Antía Eijo Mejuto<span class="grve-title-line grve-bg-primary-1" style="width: 250px;height: 2px;"></span></span></h3>[vc_column_text]Antía Eijo Mejuto es contratada predoctoral por la Xunta de Galicia en la Facultad de Sociología de la Universidad de A Coruña. Es graduada en Trabajo social por la Universidad de Santiago de Compostela (2018) y cursó el Máster en Estudios Interdisciplinares de Género en la Universidad Autónoma de Madrid (2020), obteniendo el Accésit honorífico de los Premios Mayte Gallego por su investigación “Mujeres migradas, violencias y crisis de cuidados: diagnóstico, respuestas y propuestas de la Red de Mujeres latinoamericanas y del Caribe en España frente al COVID-19”. Del mismo modo, su Trabajo final de Grado fue publicado en la Revista Galega de Traballo Social “Fervenzas” en el año 2020, bajo el título “Imaxinario das traballadoras sociais do Concello de Santiago de Compostela: unha análise cualitativa dende a perspectiva de xénero”.</p>
<p>En los últimos años, Antía ha ejercido como trabajadora social y técnica de intervención social en el ámbito de las migraciones y del desarrollo rural. En línea con esto, sus intereses de investigación se han centrado principalmente en el género, las migraciones y los cuidados. Actualmente, desarrolla su tesis doctoral sobre la economía social en los cuidados de larga duración, centrándose en el papel de las cooperativas de trabajadoras de hogar y cuidados.</p>
<p><strong><a href="mailto:antia.eijo@udc.es">antia.eijo@udc.es</a></strong>[/vc_column_text][/vc_column][/vc_row]</p>

<p>[vc_row][vc_column][vc_column_text css=&#8221;.vc_custom_1737725082027{padding-bottom: 2% !important;}&#8221;][/vc_column_text][vc_column_text]Antía Eijo Mejuto es contratada predoctoral por la Xunta de Galicia en la Facultad de Sociología de la Universidad de A Coruña. Es graduada en Trabajo social por la Universidad de Santiago de Compostela (2018) y cursó el Máster en Estudios Interdisciplinares de Género en la Universidad Autónoma de Madrid (2020), obteniendo [&hellip;]</p>
