{"id":233,"date":"2025-01-24T13:23:36","date_gmt":"2025-01-24T13:23:36","guid":{"rendered":"https:\/\/www.carewell.es\/?page_id=233"},"modified":"2025-01-24T13:23:36","modified_gmt":"2025-01-24T13:23:36","slug":"noelia-teijeiro","status":"publish","type":"page","link":"https:\/\/www.carewell.es\/index.php\/noelia-teijeiro\/","title":{"rendered":"Noelia Teijeiro"},"content":{"rendered":"<p>[vc_row][vc_column][vc_column_text css=&#8221;.vc_custom_1737724991849{padding-bottom: 2% !important;}&#8221;]<img decoding=\"async\" class=\"alignnone wp-image-234 size-thumbnail\" src=\"http:\/\/www.carewell.es\/wp-content\/uploads\/2025\/01\/noelia_teijeiro-150x150.jpg\" alt=\"\" width=\"150\" height=\"150\" srcset=\"https:\/\/www.carewell.es\/wp-content\/uploads\/2025\/01\/noelia_teijeiro-150x150.jpg 150w, https:\/\/www.carewell.es\/wp-content\/uploads\/2025\/01\/noelia_teijeiro-300x300.jpg 300w, https:\/\/www.carewell.es\/wp-content\/uploads\/2025\/01\/noelia_teijeiro.jpg 500w\" sizes=\"(max-width: 150px) 100vw, 150px\" \/>[\/vc_column_text]<h3 class=\"grve-element grve-title grve-align-left grve-h3\" style=\"\"><span><strong>Noelia Teijeiro<\/strong><span class=\"grve-title-line grve-bg-primary-1\" style=\"width: 250px;height: 2px;\"><\/span><\/span><\/h3>[vc_column_text]Noelia Teijeiro Cal es contratada FPI en la Facultad de Sociolog\u00eda de la Universidad de A Coru\u00f1a. Graduada en Sociolog\u00eda en 2016 en la misma facultad, donde tambi\u00e9n curso un M\u00e1ster en Pol\u00edticas Sociales e intervenci\u00f3n Sociocomunitaria en la especialidad de g\u00e9nero e Igualdad obteniendo su t\u00edtulo en 2019. Noelia ha sido becaria en el Centro de Investigaciones Sociales de la Universidad de Coimbra (2017) y ha sido t\u00e9cnica de igualdad en un concello de la provincia de Coru\u00f1a. Sus investigaciones e intereses han estado siempre muy ligadas a la sexualidad y a la igualdad, obteniendo en 2019 el VII premio \u00c1ngeles Alvari\u00f1o de trabajos acad\u00e9micos con perspectiva de g\u00e9nero. Actualmente desarrolla su tesis doctoral sobre Viviendas Colaborativas en Espa\u00f1a, centr\u00e1ndose especialmente en los senior cohousing.<\/p>\n<p><strong><a href=\"mailto:noelia.teijeiroc@udc.es\">noelia.teijeiroc@udc.es<\/a><\/strong>[\/vc_column_text][\/vc_column][\/vc_row]<\/p>\n","protected":false},"excerpt":{"rendered":"<p>[vc_row][vc_column][vc_column_text css=&#8221;.vc_custom_1737724991849{padding-bottom: 2% !important;}&#8221;][\/vc_column_text][vc_column_text]Noelia Teijeiro Cal es contratada FPI en la Facultad de Sociolog\u00eda de la Universidad de A Coru\u00f1a. Graduada en Sociolog\u00eda en 2016 en la misma facultad, donde tambi\u00e9n curso un M\u00e1ster en Pol\u00edticas Sociales e intervenci\u00f3n Sociocomunitaria en la especialidad de g\u00e9nero e Igualdad obteniendo su t\u00edtulo en 2019. Noelia ha sido [&hellip;]<\/p>\n","protected":false},"author":1,"featured_media":0,"parent":0,"menu_order":0,"comment_status":"closed","ping_status":"closed","template":"","meta":{"footnotes":""},"class_list":["post-233","page","type-page","status-publish","hentry"],"_links":{"self":[{"href":"https:\/\/www.carewell.es\/index.php\/wp-json\/wp\/v2\/pages\/233","targetHints":{"allow":["GET"]}}],"collection":[{"href":"https:\/\/www.carewell.es\/index.php\/wp-json\/wp\/v2\/pages"}],"about":[{"href":"https:\/\/www.carewell.es\/index.php\/wp-json\/wp\/v2\/types\/page"}],"author":[{"embeddable":true,"href":"https:\/\/www.carewell.es\/index.php\/wp-json\/wp\/v2\/users\/1"}],"replies":[{"embeddable":true,"href":"https:\/\/www.carewell.es\/index.php\/wp-json\/wp\/v2\/comments?post=233"}],"version-history":[{"count":1,"href":"https:\/\/www.carewell.es\/index.php\/wp-json\/wp\/v2\/pages\/233\/revisions"}],"predecessor-version":[{"id":235,"href":"https:\/\/www.carewell.es\/index.php\/wp-json\/wp\/v2\/pages\/233\/revisions\/235"}],"wp:attachment":[{"href":"https:\/\/www.carewell.es\/index.php\/wp-json\/wp\/v2\/media?parent=233"}],"curies":[{"name":"wp","href":"https:\/\/api.w.org\/{rel}","templated":true}]}}

<p>[vc_row][vc_column][vc_column_text css=&#8221;.vc_custom_1737724991849{padding-bottom: 2% !important;}&#8221;]<img decoding="async" class="alignnone wp-image-234 size-thumbnail" src="http://www.carewell.es/wp-content/uploads/2025/01/noelia_teijeiro-150x150.jpg" alt="" width="150" height="150" srcset="https://www.carewell.es/wp-content/uploads/2025/01/noelia_teijeiro-150x150.jpg 150w, https://www.carewell.es/wp-content/uploads/2025/01/noelia_teijeiro-300x300.jpg 300w, https://www.carewell.es/wp-content/uploads/2025/01/noelia_teijeiro.jpg 500w" sizes="(max-width: 150px) 100vw, 150px" />[/vc_column_text]<h3 class="grve-element grve-title grve-align-left grve-h3" style=""><span><strong>Noelia Teijeiro</strong><span class="grve-title-line grve-bg-primary-1" style="width: 250px;height: 2px;"></span></span></h3>[vc_column_text]Noelia Teijeiro Cal es contratada FPI en la Facultad de Sociología de la Universidad de A Coruña. Graduada en Sociología en 2016 en la misma facultad, donde también curso un Máster en Políticas Sociales e intervención Sociocomunitaria en la especialidad de género e Igualdad obteniendo su título en 2019. Noelia ha sido becaria en el Centro de Investigaciones Sociales de la Universidad de Coimbra (2017) y ha sido técnica de igualdad en un concello de la provincia de Coruña. Sus investigaciones e intereses han estado siempre muy ligadas a la sexualidad y a la igualdad, obteniendo en 2019 el VII premio Ángeles Alvariño de trabajos académicos con perspectiva de género. Actualmente desarrolla su tesis doctoral sobre Viviendas Colaborativas en España, centrándose especialmente en los senior cohousing.</p>
<p><strong><a href="mailto:noelia.teijeiroc@udc.es">noelia.teijeiroc@udc.es</a></strong>[/vc_column_text][/vc_column][/vc_row]</p>

<p>[vc_row][vc_column][vc_column_text css=&#8221;.vc_custom_1737724991849{padding-bottom: 2% !important;}&#8221;][/vc_column_text][vc_column_text]Noelia Teijeiro Cal es contratada FPI en la Facultad de Sociología de la Universidad de A Coruña. Graduada en Sociología en 2016 en la misma facultad, donde también curso un Máster en Políticas Sociales e intervención Sociocomunitaria en la especialidad de género e Igualdad obteniendo su título en 2019. Noelia ha sido [&hellip;]</p>
