{"id":229,"date":"2025-01-24T13:21:22","date_gmt":"2025-01-24T13:21:22","guid":{"rendered":"https:\/\/www.carewell.es\/?page_id=229"},"modified":"2025-01-24T13:21:22","modified_gmt":"2025-01-24T13:21:22","slug":"keina-espineira","status":"publish","type":"page","link":"https:\/\/www.carewell.es\/index.php\/keina-espineira\/","title":{"rendered":"Keina Espi\u00f1eira"},"content":{"rendered":"<p>[vc_row][vc_column][vc_column_text css=&#8221;.vc_custom_1737724880849{padding-bottom: 2% !important;}&#8221;]<img decoding=\"async\" class=\"alignnone wp-image-230 size-thumbnail\" src=\"http:\/\/www.carewell.es\/wp-content\/uploads\/2025\/01\/kenia_espineira-150x150.png\" alt=\"\" width=\"150\" height=\"150\" srcset=\"https:\/\/www.carewell.es\/wp-content\/uploads\/2025\/01\/kenia_espineira-150x150.png 150w, https:\/\/www.carewell.es\/wp-content\/uploads\/2025\/01\/kenia_espineira-300x300.png 300w, https:\/\/www.carewell.es\/wp-content\/uploads\/2025\/01\/kenia_espineira.png 460w\" sizes=\"(max-width: 150px) 100vw, 150px\" \/>[\/vc_column_text]<h3 class=\"grve-element grve-title grve-align-left grve-h3\" style=\"\"><span><strong>Keina Espi\u00f1eira\u00a0<\/strong><span class=\"grve-title-line grve-bg-primary-1\" style=\"width: 250px;height: 2px;\"><\/span><\/span><\/h3>[vc_column_text]Keina Espi\u00f1eira es Doctora en Ciencias Pol\u00edticas y de la Administraci\u00f3n (Universidad Complutense de Madrid, 2016) y Maestr\u00eda en Direcci\u00f3n de Cine Documental (Universidad de Alcal\u00e1, 2014). Sus l\u00edneas de investigaci\u00f3n se centran en las pol\u00edticas de migraci\u00f3n, asilo y fronteras desde perspectivas y enfoques cr\u00edticos como son las teor\u00edas polvos-coloniales y los estudios de raza. Realiz\u00f3 gran parte de su trabajo en la regi\u00f3n del Mediterr\u00e1neo Occidental, concretamente en Marruecos, Ceuta y el Estrecho de Gibraltar. Est\u00e1 interesada en comprender las transformaciones contempor\u00e1neas de las fronteras en tanto que procesos de orden socioespacial, as\u00ed como su impacto en las percepciones, imaginarios y representaciones del territorio y la identidad. Actualmente, desarrolla su investigaci\u00f3n principal en el an\u00e1lisis de las fronteras interiores y las pol\u00edticas de acogida e integraci\u00f3n de personas migradas y refugiadas en Europa. Sobre estos temas particip\u00f3 en proyectos de investigaci\u00f3n internacionales (ERC, H2020, Erasmus +, Erasmus Battuta y FP7) y programas estatales de I+D+i (Gobierno de Espa\u00f1a).<\/p>\n<p>Destaca su experiencia de investigaci\u00f3n-art\u00edstica en la aplicaci\u00f3n de metodolog\u00edas audiovisuales. Sus trabajos fueron exhibidos y premiados en festivales y museos internacionales, incluidos MoMA Nueva York, Toronto, Rotterdam, Roma y Buenos Aires, entre otros. Su cortometraje \u00a0\u201cTout le monde aime le bord de la mer\u201d fue nominado mejor cortometraje europeo por la European Film Academy en 2016. Recientemente fue coordinadora del proyecto \u201cCuidados en la di\u00e1spora. Una autoetnograf\u00eda fotogr\u00e1fica de mujeres caboverdianas en Espa\u00f1a\u201d financiado por el Instituto de las Mujeres (Ministerio de Igualdad, 2023)<\/p>\n<p>Es miembro del\u00a0<a href=\"https:\/\/consellodacultura.gal\/area2.php?arq=2\">Arquivo da Emigraci\u00f3n Galega<\/a>, del Consello da Cultura Galega.<\/p>\n<p>INTERESES DE INVESTIGACI\u00d3N<\/p>\n<p>Estudios de frontera, pol\u00edticas de acogida y refugio, derechos humanos, teor\u00edas post-coloniales, antirracismo, cine documental, metodolog\u00edas audiovisuales.<\/p>\n<p><strong><a href=\"mailto:keina.espineira@udc.es\">keina.espineira@udc.es<\/a><\/strong>[\/vc_column_text][\/vc_column][\/vc_row]<\/p>\n","protected":false},"excerpt":{"rendered":"<p>[vc_row][vc_column][vc_column_text css=&#8221;.vc_custom_1737724880849{padding-bottom: 2% !important;}&#8221;][\/vc_column_text][vc_column_text]Keina Espi\u00f1eira es Doctora en Ciencias Pol\u00edticas y de la Administraci\u00f3n (Universidad Complutense de Madrid, 2016) y Maestr\u00eda en Direcci\u00f3n de Cine Documental (Universidad de Alcal\u00e1, 2014). Sus l\u00edneas de investigaci\u00f3n se centran en las pol\u00edticas de migraci\u00f3n, asilo y fronteras desde perspectivas y enfoques cr\u00edticos como son las teor\u00edas polvos-coloniales y [&hellip;]<\/p>\n","protected":false},"author":1,"featured_media":0,"parent":0,"menu_order":0,"comment_status":"closed","ping_status":"closed","template":"","meta":{"footnotes":""},"class_list":["post-229","page","type-page","status-publish","hentry"],"_links":{"self":[{"href":"https:\/\/www.carewell.es\/index.php\/wp-json\/wp\/v2\/pages\/229","targetHints":{"allow":["GET"]}}],"collection":[{"href":"https:\/\/www.carewell.es\/index.php\/wp-json\/wp\/v2\/pages"}],"about":[{"href":"https:\/\/www.carewell.es\/index.php\/wp-json\/wp\/v2\/types\/page"}],"author":[{"embeddable":true,"href":"https:\/\/www.carewell.es\/index.php\/wp-json\/wp\/v2\/users\/1"}],"replies":[{"embeddable":true,"href":"https:\/\/www.carewell.es\/index.php\/wp-json\/wp\/v2\/comments?post=229"}],"version-history":[{"count":2,"href":"https:\/\/www.carewell.es\/index.php\/wp-json\/wp\/v2\/pages\/229\/revisions"}],"predecessor-version":[{"id":232,"href":"https:\/\/www.carewell.es\/index.php\/wp-json\/wp\/v2\/pages\/229\/revisions\/232"}],"wp:attachment":[{"href":"https:\/\/www.carewell.es\/index.php\/wp-json\/wp\/v2\/media?parent=229"}],"curies":[{"name":"wp","href":"https:\/\/api.w.org\/{rel}","templated":true}]}}

Keina Espiñeira

<p>[vc_row][vc_column][vc_column_text css=&#8221;.vc_custom_1737724880849{padding-bottom: 2% !important;}&#8221;]<img decoding="async" class="alignnone wp-image-230 size-thumbnail" src="http://www.carewell.es/wp-content/uploads/2025/01/kenia_espineira-150x150.png" alt="" width="150" height="150" srcset="https://www.carewell.es/wp-content/uploads/2025/01/kenia_espineira-150x150.png 150w, https://www.carewell.es/wp-content/uploads/2025/01/kenia_espineira-300x300.png 300w, https://www.carewell.es/wp-content/uploads/2025/01/kenia_espineira.png 460w" sizes="(max-width: 150px) 100vw, 150px" />[/vc_column_text]<h3 class="grve-element grve-title grve-align-left grve-h3" style=""><span><strong>Keina Espiñeira </strong><span class="grve-title-line grve-bg-primary-1" style="width: 250px;height: 2px;"></span></span></h3>[vc_column_text]Keina Espiñeira es Doctora en Ciencias Políticas y de la Administración (Universidad Complutense de Madrid, 2016) y Maestría en Dirección de Cine Documental (Universidad de Alcalá, 2014). Sus líneas de investigación se centran en las políticas de migración, asilo y fronteras desde perspectivas y enfoques críticos como son las teorías polvos-coloniales y los estudios de raza. Realizó gran parte de su trabajo en la región del Mediterráneo Occidental, concretamente en Marruecos, Ceuta y el Estrecho de Gibraltar. Está interesada en comprender las transformaciones contemporáneas de las fronteras en tanto que procesos de orden socioespacial, así como su impacto en las percepciones, imaginarios y representaciones del territorio y la identidad. Actualmente, desarrolla su investigación principal en el análisis de las fronteras interiores y las políticas de acogida e integración de personas migradas y refugiadas en Europa. Sobre estos temas participó en proyectos de investigación internacionales (ERC, H2020, Erasmus +, Erasmus Battuta y FP7) y programas estatales de I+D+i (Gobierno de España).</p>
<p>Destaca su experiencia de investigación-artística en la aplicación de metodologías audiovisuales. Sus trabajos fueron exhibidos y premiados en festivales y museos internacionales, incluidos MoMA Nueva York, Toronto, Rotterdam, Roma y Buenos Aires, entre otros. Su cortometraje  “Tout le monde aime le bord de la mer” fue nominado mejor cortometraje europeo por la European Film Academy en 2016. Recientemente fue coordinadora del proyecto “Cuidados en la diáspora. Una autoetnografía fotográfica de mujeres caboverdianas en España” financiado por el Instituto de las Mujeres (Ministerio de Igualdad, 2023)</p>
<p>Es miembro del <a href="https://consellodacultura.gal/area2.php?arq=2">Arquivo da Emigración Galega</a>, del Consello da Cultura Galega.</p>
<p>INTERESES DE INVESTIGACIÓN</p>
<p>Estudios de frontera, políticas de acogida y refugio, derechos humanos, teorías post-coloniales, antirracismo, cine documental, metodologías audiovisuales.</p>
<p><strong><a href="mailto:keina.espineira@udc.es">keina.espineira@udc.es</a></strong>[/vc_column_text][/vc_column][/vc_row]</p>

<p>[vc_row][vc_column][vc_column_text css=&#8221;.vc_custom_1737724880849{padding-bottom: 2% !important;}&#8221;][/vc_column_text][vc_column_text]Keina Espiñeira es Doctora en Ciencias Políticas y de la Administración (Universidad Complutense de Madrid, 2016) y Maestría en Dirección de Cine Documental (Universidad de Alcalá, 2014). Sus líneas de investigación se centran en las políticas de migración, asilo y fronteras desde perspectivas y enfoques críticos como son las teorías polvos-coloniales y [&hellip;]</p>
