{"id":218,"date":"2025-01-24T13:14:37","date_gmt":"2025-01-24T13:14:37","guid":{"rendered":"https:\/\/www.carewell.es\/?page_id=218"},"modified":"2025-01-24T13:14:37","modified_gmt":"2025-01-24T13:14:37","slug":"laura-suarez-grimalt","status":"publish","type":"page","link":"https:\/\/www.carewell.es\/index.php\/laura-suarez-grimalt\/","title":{"rendered":"Laura Su\u00e1rez Grimalt"},"content":{"rendered":"<p>[vc_row][vc_column][vc_column_text css=&#8221;.vc_custom_1737724475589{padding-bottom: 2% !important;}&#8221;]<img decoding=\"async\" class=\"alignnone wp-image-219 size-thumbnail\" src=\"http:\/\/www.carewell.es\/wp-content\/uploads\/2025\/01\/laura_suarez-150x150.jpg\" alt=\"\" width=\"150\" height=\"150\" srcset=\"https:\/\/www.carewell.es\/wp-content\/uploads\/2025\/01\/laura_suarez-150x150.jpg 150w, https:\/\/www.carewell.es\/wp-content\/uploads\/2025\/01\/laura_suarez-300x300.jpg 300w, https:\/\/www.carewell.es\/wp-content\/uploads\/2025\/01\/laura_suarez.jpg 500w\" sizes=\"(max-width: 150px) 100vw, 150px\" \/>[\/vc_column_text]<h3 class=\"grve-element grve-title grve-align-left grve-h3\" style=\"\"><span><strong>Laura Su\u00e1rez Grimalt<\/strong><span class=\"grve-title-line grve-bg-primary-1\" style=\"width: 250px;height: 2px;\"><\/span><\/span><\/h3>[vc_column_text]Laura Su\u00e1rez Grimalt es Profesora Ayudante Doctora en el Departamento de Sociolog\u00eda y Ciencias de la Comunicaci\u00f3n de la Universidade da Coru\u00f1a. Actualmente es Coordinadora del Grado en Sociolog\u00eda en esta misma universidad.<\/p>\n<p>Obtuvo el grado en Sociolog\u00eda (UDC) recibiendo el Premio Extraordinario Fin de Carrera de la Universidade da Coru\u00f1a y de la Xunta de Galicia, y es especialista en T\u00e9cnicas de Investigaci\u00f3n Social Aplicada (M\u00e1ster TISA, UAB-UDC) y Migraciones Internacionales (M\u00e1ster universitario MOMI, UDC). Doctora en Sociolog\u00eda por la Universidad de Barcelona (2019), obtuvo la calificaci\u00f3n de Sobresaliente\u00a0<em>Cum Laude<\/em>\u00a0por su tesis doctoral: \u201cRedes M\u00f3viles y Movilidad en red: Capital Social y Migraci\u00f3n Latinoamericana en Espa\u00f1a\u201d.<\/p>\n<p>Disfrut\u00f3 de una beca predoctoral para la Formaci\u00f3n de Profesorado Universitario (FPU, Ministerio de Educaci\u00f3n) en el departamento de Sociolog\u00eda de la Universitat de Barcelona. En el marco de esta beca, particip\u00f3 en varios proyectos de investigaci\u00f3n incluidos en el Plan Nacional de Investigaci\u00f3n Cient\u00edfica, Desarrollo e Innovaci\u00f3n T\u00e9cnica de Espa\u00f1a (FEM2011-26210, SEJ2007-63179), y en el proyecto europeo INCASI (H2020-691004-MSCA-RISE).<\/p>\n<p>Sus intereses de investigaci\u00f3n se centran en las estrategias de movilidad espacial y movilidad social de la poblaci\u00f3n de origen latinomericano, las din\u00e1micas laborales de la poblaci\u00f3n migrante, el envejecimiento y la dimensi\u00f3n transnacional asociada a los movimientos migratorios. Entre sus publicaciones desatacan: \u201cTowards a theoretical model for the study of productive and reproductive strategies in transnation families: Latin American Migration and Social Mobility in Spain (Oso y\u00a0Su\u00e1rez-Grimalt, 2017. Journal of Family Studies); \u201cDouble invisibility: the effects of hidden unemployment on vulnerable populations in southern European countries during the COVID-19 pandemic (Coco, Sim\u00f3-Solsona, Su\u00e1rez Grimalt, 2022. Revista Espa\u00f1ola de Sociolog\u00eda)\u201d.<\/p>\n<p>Actualmente participa como investigadora en el proyecto europeo CAREWELL (JPI MYBL EWG), y en el proyecto del Plan Nacional de Investigaci\u00f3nn \u201cIntersecting crises post-2020 and impact on intra-EU (im)mobilities: Spanish transmigrants\u2019 labour and family strategies\u201d (PID2022-142080OB-I00)<\/p>\n<p><strong><a href=\"mailto:laura.suarez.grimalt@udc.es\">laura.suarez.grimalt@udc.es<\/a><\/strong>[\/vc_column_text][\/vc_column][\/vc_row]<\/p>\n","protected":false},"excerpt":{"rendered":"<p>[vc_row][vc_column][vc_column_text css=&#8221;.vc_custom_1737724475589{padding-bottom: 2% !important;}&#8221;][\/vc_column_text][vc_column_text]Laura Su\u00e1rez Grimalt es Profesora Ayudante Doctora en el Departamento de Sociolog\u00eda y Ciencias de la Comunicaci\u00f3n de la Universidade da Coru\u00f1a. Actualmente es Coordinadora del Grado en Sociolog\u00eda en esta misma universidad. Obtuvo el grado en Sociolog\u00eda (UDC) recibiendo el Premio Extraordinario Fin de Carrera de la Universidade da Coru\u00f1a y [&hellip;]<\/p>\n","protected":false},"author":1,"featured_media":0,"parent":0,"menu_order":0,"comment_status":"closed","ping_status":"closed","template":"","meta":{"footnotes":""},"class_list":["post-218","page","type-page","status-publish","hentry"],"_links":{"self":[{"href":"https:\/\/www.carewell.es\/index.php\/wp-json\/wp\/v2\/pages\/218","targetHints":{"allow":["GET"]}}],"collection":[{"href":"https:\/\/www.carewell.es\/index.php\/wp-json\/wp\/v2\/pages"}],"about":[{"href":"https:\/\/www.carewell.es\/index.php\/wp-json\/wp\/v2\/types\/page"}],"author":[{"embeddable":true,"href":"https:\/\/www.carewell.es\/index.php\/wp-json\/wp\/v2\/users\/1"}],"replies":[{"embeddable":true,"href":"https:\/\/www.carewell.es\/index.php\/wp-json\/wp\/v2\/comments?post=218"}],"version-history":[{"count":2,"href":"https:\/\/www.carewell.es\/index.php\/wp-json\/wp\/v2\/pages\/218\/revisions"}],"predecessor-version":[{"id":221,"href":"https:\/\/www.carewell.es\/index.php\/wp-json\/wp\/v2\/pages\/218\/revisions\/221"}],"wp:attachment":[{"href":"https:\/\/www.carewell.es\/index.php\/wp-json\/wp\/v2\/media?parent=218"}],"curies":[{"name":"wp","href":"https:\/\/api.w.org\/{rel}","templated":true}]}}

Laura Suárez Grimalt

<p>[vc_row][vc_column][vc_column_text css=&#8221;.vc_custom_1737724475589{padding-bottom: 2% !important;}&#8221;]<img decoding="async" class="alignnone wp-image-219 size-thumbnail" src="http://www.carewell.es/wp-content/uploads/2025/01/laura_suarez-150x150.jpg" alt="" width="150" height="150" srcset="https://www.carewell.es/wp-content/uploads/2025/01/laura_suarez-150x150.jpg 150w, https://www.carewell.es/wp-content/uploads/2025/01/laura_suarez-300x300.jpg 300w, https://www.carewell.es/wp-content/uploads/2025/01/laura_suarez.jpg 500w" sizes="(max-width: 150px) 100vw, 150px" />[/vc_column_text]<h3 class="grve-element grve-title grve-align-left grve-h3" style=""><span><strong>Laura Suárez Grimalt</strong><span class="grve-title-line grve-bg-primary-1" style="width: 250px;height: 2px;"></span></span></h3>[vc_column_text]Laura Suárez Grimalt es Profesora Ayudante Doctora en el Departamento de Sociología y Ciencias de la Comunicación de la Universidade da Coruña. Actualmente es Coordinadora del Grado en Sociología en esta misma universidad.</p>
<p>Obtuvo el grado en Sociología (UDC) recibiendo el Premio Extraordinario Fin de Carrera de la Universidade da Coruña y de la Xunta de Galicia, y es especialista en Técnicas de Investigación Social Aplicada (Máster TISA, UAB-UDC) y Migraciones Internacionales (Máster universitario MOMI, UDC). Doctora en Sociología por la Universidad de Barcelona (2019), obtuvo la calificación de Sobresaliente <em>Cum Laude</em> por su tesis doctoral: “Redes Móviles y Movilidad en red: Capital Social y Migración Latinoamericana en España”.</p>
<p>Disfrutó de una beca predoctoral para la Formación de Profesorado Universitario (FPU, Ministerio de Educación) en el departamento de Sociología de la Universitat de Barcelona. En el marco de esta beca, participó en varios proyectos de investigación incluidos en el Plan Nacional de Investigación Científica, Desarrollo e Innovación Técnica de España (FEM2011-26210, SEJ2007-63179), y en el proyecto europeo INCASI (H2020-691004-MSCA-RISE).</p>
<p>Sus intereses de investigación se centran en las estrategias de movilidad espacial y movilidad social de la población de origen latinomericano, las dinámicas laborales de la población migrante, el envejecimiento y la dimensión transnacional asociada a los movimientos migratorios. Entre sus publicaciones desatacan: “Towards a theoretical model for the study of productive and reproductive strategies in transnation families: Latin American Migration and Social Mobility in Spain (Oso y Suárez-Grimalt, 2017. Journal of Family Studies); “Double invisibility: the effects of hidden unemployment on vulnerable populations in southern European countries during the COVID-19 pandemic (Coco, Simó-Solsona, Suárez Grimalt, 2022. Revista Española de Sociología)”.</p>
<p>Actualmente participa como investigadora en el proyecto europeo CAREWELL (JPI MYBL EWG), y en el proyecto del Plan Nacional de Investigaciónn “Intersecting crises post-2020 and impact on intra-EU (im)mobilities: Spanish transmigrants’ labour and family strategies” (PID2022-142080OB-I00)</p>
<p><strong><a href="mailto:laura.suarez.grimalt@udc.es">laura.suarez.grimalt@udc.es</a></strong>[/vc_column_text][/vc_column][/vc_row]</p>

<p>[vc_row][vc_column][vc_column_text css=&#8221;.vc_custom_1737724475589{padding-bottom: 2% !important;}&#8221;][/vc_column_text][vc_column_text]Laura Suárez Grimalt es Profesora Ayudante Doctora en el Departamento de Sociología y Ciencias de la Comunicación de la Universidade da Coruña. Actualmente es Coordinadora del Grado en Sociología en esta misma universidad. Obtuvo el grado en Sociología (UDC) recibiendo el Premio Extraordinario Fin de Carrera de la Universidade da Coruña y [&hellip;]</p>
