{"id":205,"date":"2025-01-24T13:02:55","date_gmt":"2025-01-24T13:02:55","guid":{"rendered":"https:\/\/www.carewell.es\/?page_id=205"},"modified":"2025-01-24T13:06:03","modified_gmt":"2025-01-24T13:06:03","slug":"laura-oso","status":"publish","type":"page","link":"https:\/\/www.carewell.es\/index.php\/laura-oso\/","title":{"rendered":"Laura Oso"},"content":{"rendered":"<p>[vc_row][vc_column][vc_column_text css=&#8221;.vc_custom_1737723740621{padding-bottom: 2% !important;}&#8221;]<img decoding=\"async\" class=\"alignnone wp-image-206 size-thumbnail\" src=\"http:\/\/www.carewell.es\/wp-content\/uploads\/2025\/01\/laura_oso-150x150.jpg\" alt=\"\" width=\"150\" height=\"150\" srcset=\"https:\/\/www.carewell.es\/wp-content\/uploads\/2025\/01\/laura_oso-150x150.jpg 150w, https:\/\/www.carewell.es\/wp-content\/uploads\/2025\/01\/laura_oso-300x300.jpg 300w, https:\/\/www.carewell.es\/wp-content\/uploads\/2025\/01\/laura_oso.jpg 500w\" sizes=\"(max-width: 150px) 100vw, 150px\" \/>[\/vc_column_text]<h3 class=\"grve-element grve-title grve-align-left grve-h3\" style=\"\"><span><strong>Laura Oso<\/strong><span class=\"grve-title-line grve-bg-primary-1\" style=\"width: 250px;height: 2px;\"><\/span><\/span><\/h3>[vc_column_text]Laura Oso es Catedr\u00e1tica de Sociolog\u00eda en la Universidade da Coru\u00f1a. Fue la coordinadora del ESOMI (Equipo de Investigaci\u00f3n Sociedades en Movimiento) durante trece a\u00f1os (2011-2024), habiendo ocupado el cargo de vicedecana en la Facultad de Sociolog\u00eda entre 2009 y 2013. Fue vicepresidenta para actividades internacionales de la Federaci\u00f3n Espa\u00f1ola de Sociolog\u00eda (2018-2022) y miembro del Comit\u00e9 Ejecutivo de la International Sociological Association-ISA (2018-2023).<\/p>\n<p>Laura Oso ha sido consultora para diversos organismos internacionales (OCDE, Uni\u00f3n Europea, INSTRAW-ONU) y ha realizado estancias de investigaci\u00f3n en Estados Unidos, Francia y Am\u00e9rica Latina (University of California, Berkeley, Universit\u00e9 de Paris I-Panth\u00e9on Sorbonne, Universit\u00e9 de Paris VII, Flacso Ecuador, Universidad de Buenos Aires). Estuvo tambi\u00e9n asociada a la COST Action IS1209 \u2013 Comparing European Prostitution Policies: Understanding Scales and Cultures of Governance (ProsPol).<\/p>\n<p>Desde 2022 es Directora Adjunta del CISPAC (Centro de Investigaci\u00f3n Interuniversitario de los Paisajes Atl\u00e1nticos Culturales), centro \u00fanico, de \u00faltima generaci\u00f3n y pionero en investigaci\u00f3n b\u00e1sica y aplicada en ciencias sociales y humanas, que re\u00fane a personal investigador de alto nivel procedentes de m\u00e1s de treinta grupos de investigaci\u00f3n de las tres universidades de Galicia. El principal objetivo de CISPAC es estudiar las interacciones humanas con los paisajes y principalmente con cuestiones relacionadas con la transici\u00f3n ambiental, la gesti\u00f3n territorial y el establecimiento de relaciones justas entre las personas y los paisajes que habitan.<\/p>\n<p>Actualmente Laura Oso es miembro del Board of Directors de la Red IMISCOE- International Migration, Integration and Social Cohesion y co-coordinadora de la RN27- Regional Network Southern European Societies (European Sociological Association-ESA). Forma igualmente parte de la Cost Action CA21143 \u2013 Transnational Family Dynamics in Europe (TraFaDy).<\/p>\n<p>Doctora en Sociolog\u00eda por la Universit\u00e9 de Paris I-Panth\u00e9on Sorbonne (2002) y la Universidade da Coru\u00f1a (1997), su trabajo de investigaci\u00f3n se ha orientado fundamentalmente<\/p>\n<p><a href=\"mailto:Laura.oso@udc.es\" target=\"_blank\" rel=\"noopener\"><strong>Laura.oso@udc.es<\/strong><\/a><\/p>\n<p>[\/vc_column_text][\/vc_column][\/vc_row]<\/p>\n","protected":false},"excerpt":{"rendered":"<p>[vc_row][vc_column][vc_column_text css=&#8221;.vc_custom_1737723740621{padding-bottom: 2% !important;}&#8221;][\/vc_column_text][vc_column_text]Laura Oso es Catedr\u00e1tica de Sociolog\u00eda en la Universidade da Coru\u00f1a. Fue la coordinadora del ESOMI (Equipo de Investigaci\u00f3n Sociedades en Movimiento) durante trece a\u00f1os (2011-2024), habiendo ocupado el cargo de vicedecana en la Facultad de Sociolog\u00eda entre 2009 y 2013. Fue vicepresidenta para actividades internacionales de la Federaci\u00f3n Espa\u00f1ola de Sociolog\u00eda [&hellip;]<\/p>\n","protected":false},"author":1,"featured_media":0,"parent":0,"menu_order":0,"comment_status":"closed","ping_status":"closed","template":"","meta":{"footnotes":""},"class_list":["post-205","page","type-page","status-publish","hentry"],"_links":{"self":[{"href":"https:\/\/www.carewell.es\/index.php\/wp-json\/wp\/v2\/pages\/205","targetHints":{"allow":["GET"]}}],"collection":[{"href":"https:\/\/www.carewell.es\/index.php\/wp-json\/wp\/v2\/pages"}],"about":[{"href":"https:\/\/www.carewell.es\/index.php\/wp-json\/wp\/v2\/types\/page"}],"author":[{"embeddable":true,"href":"https:\/\/www.carewell.es\/index.php\/wp-json\/wp\/v2\/users\/1"}],"replies":[{"embeddable":true,"href":"https:\/\/www.carewell.es\/index.php\/wp-json\/wp\/v2\/comments?post=205"}],"version-history":[{"count":2,"href":"https:\/\/www.carewell.es\/index.php\/wp-json\/wp\/v2\/pages\/205\/revisions"}],"predecessor-version":[{"id":208,"href":"https:\/\/www.carewell.es\/index.php\/wp-json\/wp\/v2\/pages\/205\/revisions\/208"}],"wp:attachment":[{"href":"https:\/\/www.carewell.es\/index.php\/wp-json\/wp\/v2\/media?parent=205"}],"curies":[{"name":"wp","href":"https:\/\/api.w.org\/{rel}","templated":true}]}}

<p>[vc_row][vc_column][vc_column_text css=&#8221;.vc_custom_1737723740621{padding-bottom: 2% !important;}&#8221;]<img decoding="async" class="alignnone wp-image-206 size-thumbnail" src="http://www.carewell.es/wp-content/uploads/2025/01/laura_oso-150x150.jpg" alt="" width="150" height="150" srcset="https://www.carewell.es/wp-content/uploads/2025/01/laura_oso-150x150.jpg 150w, https://www.carewell.es/wp-content/uploads/2025/01/laura_oso-300x300.jpg 300w, https://www.carewell.es/wp-content/uploads/2025/01/laura_oso.jpg 500w" sizes="(max-width: 150px) 100vw, 150px" />[/vc_column_text]<h3 class="grve-element grve-title grve-align-left grve-h3" style=""><span><strong>Laura Oso</strong><span class="grve-title-line grve-bg-primary-1" style="width: 250px;height: 2px;"></span></span></h3>[vc_column_text]Laura Oso es Catedrática de Sociología en la Universidade da Coruña. Fue la coordinadora del ESOMI (Equipo de Investigación Sociedades en Movimiento) durante trece años (2011-2024), habiendo ocupado el cargo de vicedecana en la Facultad de Sociología entre 2009 y 2013. Fue vicepresidenta para actividades internacionales de la Federación Española de Sociología (2018-2022) y miembro del Comité Ejecutivo de la International Sociological Association-ISA (2018-2023).</p>
<p>Laura Oso ha sido consultora para diversos organismos internacionales (OCDE, Unión Europea, INSTRAW-ONU) y ha realizado estancias de investigación en Estados Unidos, Francia y América Latina (University of California, Berkeley, Université de Paris I-Panthéon Sorbonne, Université de Paris VII, Flacso Ecuador, Universidad de Buenos Aires). Estuvo también asociada a la COST Action IS1209 – Comparing European Prostitution Policies: Understanding Scales and Cultures of Governance (ProsPol).</p>
<p>Desde 2022 es Directora Adjunta del CISPAC (Centro de Investigación Interuniversitario de los Paisajes Atlánticos Culturales), centro único, de última generación y pionero en investigación básica y aplicada en ciencias sociales y humanas, que reúne a personal investigador de alto nivel procedentes de más de treinta grupos de investigación de las tres universidades de Galicia. El principal objetivo de CISPAC es estudiar las interacciones humanas con los paisajes y principalmente con cuestiones relacionadas con la transición ambiental, la gestión territorial y el establecimiento de relaciones justas entre las personas y los paisajes que habitan.</p>
<p>Actualmente Laura Oso es miembro del Board of Directors de la Red IMISCOE- International Migration, Integration and Social Cohesion y co-coordinadora de la RN27- Regional Network Southern European Societies (European Sociological Association-ESA). Forma igualmente parte de la Cost Action CA21143 – Transnational Family Dynamics in Europe (TraFaDy).</p>
<p>Doctora en Sociología por la Université de Paris I-Panthéon Sorbonne (2002) y la Universidade da Coruña (1997), su trabajo de investigación se ha orientado fundamentalmente</p>
<p><a href="mailto:Laura.oso@udc.es" target="_blank" rel="noopener"><strong>Laura.oso@udc.es</strong></a></p>
<p>[/vc_column_text][/vc_column][/vc_row]</p>

<p>[vc_row][vc_column][vc_column_text css=&#8221;.vc_custom_1737723740621{padding-bottom: 2% !important;}&#8221;][/vc_column_text][vc_column_text]Laura Oso es Catedrática de Sociología en la Universidade da Coruña. Fue la coordinadora del ESOMI (Equipo de Investigación Sociedades en Movimiento) durante trece años (2011-2024), habiendo ocupado el cargo de vicedecana en la Facultad de Sociología entre 2009 y 2013. Fue vicepresidenta para actividades internacionales de la Federación Española de Sociología [&hellip;]</p>
