{"id":195,"date":"2025-01-24T12:14:11","date_gmt":"2025-01-24T12:14:11","guid":{"rendered":"https:\/\/www.carewell.es\/?page_id=195"},"modified":"2025-01-24T12:56:03","modified_gmt":"2025-01-24T12:56:03","slug":"alba-vazquez-lopez","status":"publish","type":"page","link":"https:\/\/www.carewell.es\/index.php\/alba-vazquez-lopez\/","title":{"rendered":"Alba V\u00e1zquez L\u00f3pez"},"content":{"rendered":"<p>[vc_row][vc_column][vc_column_text css=&#8221;.vc_custom_1737720952143{padding-bottom: 2% !important;}&#8221;]<img decoding=\"async\" class=\"alignnone wp-image-196 size-thumbnail\" src=\"http:\/\/www.carewell.es\/wp-content\/uploads\/2025\/01\/ALBA-UDC_op-150x150.png\" alt=\"\" width=\"150\" height=\"150\" srcset=\"https:\/\/www.carewell.es\/wp-content\/uploads\/2025\/01\/ALBA-UDC_op-150x150.png 150w, https:\/\/www.carewell.es\/wp-content\/uploads\/2025\/01\/ALBA-UDC_op-300x300.png 300w, https:\/\/www.carewell.es\/wp-content\/uploads\/2025\/01\/ALBA-UDC_op-768x768.png 768w, https:\/\/www.carewell.es\/wp-content\/uploads\/2025\/01\/ALBA-UDC_op-560x560.png 560w, https:\/\/www.carewell.es\/wp-content\/uploads\/2025\/01\/ALBA-UDC_op.png 877w\" sizes=\"(max-width: 150px) 100vw, 150px\" \/>[\/vc_column_text]<h3 class=\"grve-element grve-title grve-align-left grve-h3\" style=\"\"><span><strong>Alba V\u00e1zquez L\u00f3pez <\/strong><span class=\"grve-title-line grve-bg-primary-1\" style=\"width: 250px;height: 2px;\"><\/span><\/span><\/h3>[vc_column_text]Alba V\u00e1zquez L\u00f3pez se encuentra realizando una tesis doctoral sobre la tem\u00e1tica de las estrategias de (in)movilidad y cuidados patrimoniales de las familias transnacionales en \u00e1reas rurales de Galicia, en el marco del programa de doctorado en Ciencias Sociales y del Comportamiento de la Universidade da Coru\u00f1a.<\/p>\n<p>Se especializ\u00f3 en estudios de g\u00e9nero, cursando el M\u00e1ster Gemma en Estudios de las Mujeres y de G\u00e9nero, un programa de excelencia fundado por la Comisi\u00f3n Europea (Erasmus Mundus), completando los dos a\u00f1os de maestr\u00eda en la Universidad de Granada y en la Universidad de Utrecht (Holanda). Es graduada en Educaci\u00f3n Social, colegiada CEESG5335 por la Universidad de Vigo, habiendo integrado un curso acad\u00e9mico en la University Colleage Lilebaelt (Dinamarca). A lo largo de su trayectoria profesional ha participado en proyectos y programas destinados principalmente a mujeres y menores en situaci\u00f3n de vulnerabilidad desde Espa\u00f1a y en el extranjero. Ha colaborado en un proyecto de intervenci\u00f3n e investigaci\u00f3n dirigido mujeres que ejerc\u00eda la prostituci\u00f3n en el barrio de la Tiner\u00eda de Lugo por la Conseller\u00eda de Traballo y Benestar del Concello de Lugo, habiendo participado en proyectos de sensibilizaci\u00f3n e intervenci\u00f3n socioeducativa y sociocomunitaria con personas migrantes a trav\u00e9s de la ONG Ecos do Sur en A Coru\u00f1a, como practicas curriculares universitarias. Fue, igualmente beneficiaria del programa Erasmus + Practice, trabajando en un refugio de mujeres y menores v\u00edctimas de violencia de g\u00e9nero en Oxford (Reino Unido) a trav\u00e9s de la organizaci\u00f3n A2Dominion- Reducing the Risk of Domestic Abuse, habiendo dise\u00f1ado e implementado el \u201cPrograma de Igualdade e loita contra a Violencia de X\u00e9nero no medio rural da provincia de Lugo\u201d, llevado a cabo por la FF. VV. Lucus Augusti y financiado por la Diputaci\u00f3n de Lugo, as\u00ed como ejercido como Agente de Igualdad en un CIM (Centro de Informaci\u00f3n a la Mujer) competente en seis concellos de la provincia de Lugo, con sede en el Concello de Palas de Rei . Recientemente, ha intervenido en el Programa de protecci\u00f3n internacional: asilo y refugio del MISSM participando como educadora social y referente del \u201cProtocolo de violencia contra las mujeres en el SAPIT (Sistema de Acogida de Protecci\u00f3n Internacional y Temporal)\u201d en la delegaci\u00f3n de la ONG MPDL en Galicia.<\/p>\n<p>Complementariamente, es Mediadora Civil, Familiar y Comunitaria en resoluci\u00f3n de conflictos por la UNED y se ha formado en Cooperaci\u00f3n Internacional para el Desarrollo y el Voluntariado a trav\u00e9s del CICIDE-UGR, perteneciente a la AECID, participando en proyectos de cooperaci\u00f3n llevados a cabo en Senegal a trav\u00e9s de la ONG HAHATAY (2014 y 2018) y en Nicaragua a trav\u00e9s de la ONG Amigos de la Tierra, concretamente con la asociaci\u00f3n REMO (Red de Mujeres de Ometepe) (2016).<\/p>\n<p>Ha participado en congresos nacionales e internacionales (Federaci\u00f3n Espa\u00f1ola de Sociolog\u00eda-FES, European Sociological Association-ESA, entre otros).<\/p>\n<p><a href=\"mailto:alba.vazquez.lopez@udc.es\"><strong>alba.vazquez.lopez@udc.es<\/strong><\/a>[\/vc_column_text][\/vc_column][\/vc_row]<\/p>\n","protected":false},"excerpt":{"rendered":"<p>[vc_row][vc_column][vc_column_text css=&#8221;.vc_custom_1737720952143{padding-bottom: 2% !important;}&#8221;][\/vc_column_text][vc_column_text]Alba V\u00e1zquez L\u00f3pez se encuentra realizando una tesis doctoral sobre la tem\u00e1tica de las estrategias de (in)movilidad y cuidados patrimoniales de las familias transnacionales en \u00e1reas rurales de Galicia, en el marco del programa de doctorado en Ciencias Sociales y del Comportamiento de la Universidade da Coru\u00f1a. Se especializ\u00f3 en estudios de [&hellip;]<\/p>\n","protected":false},"author":1,"featured_media":0,"parent":0,"menu_order":0,"comment_status":"closed","ping_status":"closed","template":"","meta":{"footnotes":""},"class_list":["post-195","page","type-page","status-publish","hentry"],"_links":{"self":[{"href":"https:\/\/www.carewell.es\/index.php\/wp-json\/wp\/v2\/pages\/195","targetHints":{"allow":["GET"]}}],"collection":[{"href":"https:\/\/www.carewell.es\/index.php\/wp-json\/wp\/v2\/pages"}],"about":[{"href":"https:\/\/www.carewell.es\/index.php\/wp-json\/wp\/v2\/types\/page"}],"author":[{"embeddable":true,"href":"https:\/\/www.carewell.es\/index.php\/wp-json\/wp\/v2\/users\/1"}],"replies":[{"embeddable":true,"href":"https:\/\/www.carewell.es\/index.php\/wp-json\/wp\/v2\/comments?post=195"}],"version-history":[{"count":7,"href":"https:\/\/www.carewell.es\/index.php\/wp-json\/wp\/v2\/pages\/195\/revisions"}],"predecessor-version":[{"id":204,"href":"https:\/\/www.carewell.es\/index.php\/wp-json\/wp\/v2\/pages\/195\/revisions\/204"}],"wp:attachment":[{"href":"https:\/\/www.carewell.es\/index.php\/wp-json\/wp\/v2\/media?parent=195"}],"curies":[{"name":"wp","href":"https:\/\/api.w.org\/{rel}","templated":true}]}}

Alba Vázquez López

<p>[vc_row][vc_column][vc_column_text css=&#8221;.vc_custom_1737720952143{padding-bottom: 2% !important;}&#8221;]<img decoding="async" class="alignnone wp-image-196 size-thumbnail" src="http://www.carewell.es/wp-content/uploads/2025/01/ALBA-UDC_op-150x150.png" alt="" width="150" height="150" srcset="https://www.carewell.es/wp-content/uploads/2025/01/ALBA-UDC_op-150x150.png 150w, https://www.carewell.es/wp-content/uploads/2025/01/ALBA-UDC_op-300x300.png 300w, https://www.carewell.es/wp-content/uploads/2025/01/ALBA-UDC_op-768x768.png 768w, https://www.carewell.es/wp-content/uploads/2025/01/ALBA-UDC_op-560x560.png 560w, https://www.carewell.es/wp-content/uploads/2025/01/ALBA-UDC_op.png 877w" sizes="(max-width: 150px) 100vw, 150px" />[/vc_column_text]<h3 class="grve-element grve-title grve-align-left grve-h3" style=""><span><strong>Alba Vázquez López </strong><span class="grve-title-line grve-bg-primary-1" style="width: 250px;height: 2px;"></span></span></h3>[vc_column_text]Alba Vázquez López se encuentra realizando una tesis doctoral sobre la temática de las estrategias de (in)movilidad y cuidados patrimoniales de las familias transnacionales en áreas rurales de Galicia, en el marco del programa de doctorado en Ciencias Sociales y del Comportamiento de la Universidade da Coruña.</p>
<p>Se especializó en estudios de género, cursando el Máster Gemma en Estudios de las Mujeres y de Género, un programa de excelencia fundado por la Comisión Europea (Erasmus Mundus), completando los dos años de maestría en la Universidad de Granada y en la Universidad de Utrecht (Holanda). Es graduada en Educación Social, colegiada CEESG5335 por la Universidad de Vigo, habiendo integrado un curso académico en la University Colleage Lilebaelt (Dinamarca). A lo largo de su trayectoria profesional ha participado en proyectos y programas destinados principalmente a mujeres y menores en situación de vulnerabilidad desde España y en el extranjero. Ha colaborado en un proyecto de intervención e investigación dirigido mujeres que ejercía la prostitución en el barrio de la Tinería de Lugo por la Consellería de Traballo y Benestar del Concello de Lugo, habiendo participado en proyectos de sensibilización e intervención socioeducativa y sociocomunitaria con personas migrantes a través de la ONG Ecos do Sur en A Coruña, como practicas curriculares universitarias. Fue, igualmente beneficiaria del programa Erasmus + Practice, trabajando en un refugio de mujeres y menores víctimas de violencia de género en Oxford (Reino Unido) a través de la organización A2Dominion- Reducing the Risk of Domestic Abuse, habiendo diseñado e implementado el “Programa de Igualdade e loita contra a Violencia de Xénero no medio rural da provincia de Lugo”, llevado a cabo por la FF. VV. Lucus Augusti y financiado por la Diputación de Lugo, así como ejercido como Agente de Igualdad en un CIM (Centro de Información a la Mujer) competente en seis concellos de la provincia de Lugo, con sede en el Concello de Palas de Rei . Recientemente, ha intervenido en el Programa de protección internacional: asilo y refugio del MISSM participando como educadora social y referente del “Protocolo de violencia contra las mujeres en el SAPIT (Sistema de Acogida de Protección Internacional y Temporal)” en la delegación de la ONG MPDL en Galicia.</p>
<p>Complementariamente, es Mediadora Civil, Familiar y Comunitaria en resolución de conflictos por la UNED y se ha formado en Cooperación Internacional para el Desarrollo y el Voluntariado a través del CICIDE-UGR, perteneciente a la AECID, participando en proyectos de cooperación llevados a cabo en Senegal a través de la ONG HAHATAY (2014 y 2018) y en Nicaragua a través de la ONG Amigos de la Tierra, concretamente con la asociación REMO (Red de Mujeres de Ometepe) (2016).</p>
<p>Ha participado en congresos nacionales e internacionales (Federación Española de Sociología-FES, European Sociological Association-ESA, entre otros).</p>
<p><a href="mailto:alba.vazquez.lopez@udc.es"><strong>alba.vazquez.lopez@udc.es</strong></a>[/vc_column_text][/vc_column][/vc_row]</p>

<p>[vc_row][vc_column][vc_column_text css=&#8221;.vc_custom_1737720952143{padding-bottom: 2% !important;}&#8221;][/vc_column_text][vc_column_text]Alba Vázquez López se encuentra realizando una tesis doctoral sobre la temática de las estrategias de (in)movilidad y cuidados patrimoniales de las familias transnacionales en áreas rurales de Galicia, en el marco del programa de doctorado en Ciencias Sociales y del Comportamiento de la Universidade da Coruña. Se especializó en estudios de [&hellip;]</p>
