{"id":16,"date":"2025-01-23T12:45:44","date_gmt":"2025-01-23T12:45:44","guid":{"rendered":"https:\/\/www.carewell.es\/?page_id=16"},"modified":"2025-10-08T08:26:40","modified_gmt":"2025-10-08T08:26:40","slug":"objetivos","status":"publish","type":"page","link":"https:\/\/www.carewell.es\/","title":{"rendered":"Objetivos"},"content":{"rendered":"<p>[vc_row section_type=&#8221;fullwidth&#8221; padding_top_multiplier=&#8221;&#8221; columns_gap=&#8221;none&#8221; mobile_visibility=&#8221;hide&#8221;][vc_column css=&#8221;.vc_custom_1741694134817{padding-right: 0% !important;padding-left: 0% !important;}&#8221;]<div class=\"grve-element grve-image grve-align-center\" style=\"\">  <div class=\"grve-image-wrapper\"><img decoding=\"async\" width=\"2560\" height=\"700\" src=\"https:\/\/www.carewell.es\/wp-content\/uploads\/2025\/01\/carewell_portada.png\" class=\"attachment-full size-full\" alt=\"\" srcset=\"https:\/\/www.carewell.es\/wp-content\/uploads\/2025\/01\/carewell_portada.png 2560w, https:\/\/www.carewell.es\/wp-content\/uploads\/2025\/01\/carewell_portada-300x82.png 300w, https:\/\/www.carewell.es\/wp-content\/uploads\/2025\/01\/carewell_portada-1024x280.png 1024w, https:\/\/www.carewell.es\/wp-content\/uploads\/2025\/01\/carewell_portada-768x210.png 768w, https:\/\/www.carewell.es\/wp-content\/uploads\/2025\/01\/carewell_portada-1536x420.png 1536w, https:\/\/www.carewell.es\/wp-content\/uploads\/2025\/01\/carewell_portada-1920x525.png 1920w\" sizes=\"(max-width: 2560px) 100vw, 2560px\" \/>   <\/div><\/div>[\/vc_column][\/vc_row][vc_row section_type=&#8221;fullwidth&#8221; padding_top_multiplier=&#8221;&#8221; columns_gap=&#8221;none&#8221; desktop_visibility=&#8221;hide&#8221; tablet_visibility=&#8221;hide&#8221; tablet_sm_visibility=&#8221;hide&#8221;][vc_column css=&#8221;.vc_custom_1741694134817{padding-right: 0% !important;padding-left: 0% !important;}&#8221;]<div class=\"grve-element grve-image grve-align-center\" style=\"\">  <div class=\"grve-image-wrapper\"><img decoding=\"async\" width=\"1614\" height=\"700\" src=\"https:\/\/www.carewell.es\/wp-content\/uploads\/2025\/03\/carewell_portada_movil.png\" class=\"attachment-full size-full\" alt=\"\" srcset=\"https:\/\/www.carewell.es\/wp-content\/uploads\/2025\/03\/carewell_portada_movil.png 1614w, https:\/\/www.carewell.es\/wp-content\/uploads\/2025\/03\/carewell_portada_movil-300x130.png 300w, https:\/\/www.carewell.es\/wp-content\/uploads\/2025\/03\/carewell_portada_movil-1024x444.png 1024w, https:\/\/www.carewell.es\/wp-content\/uploads\/2025\/03\/carewell_portada_movil-768x333.png 768w, https:\/\/www.carewell.es\/wp-content\/uploads\/2025\/03\/carewell_portada_movil-1536x666.png 1536w\" sizes=\"(max-width: 1614px) 100vw, 1614px\" \/>   <\/div><\/div>[\/vc_column][\/vc_row][vc_row][vc_column][vc_column_text]<\/p>\n<h5>El proyecto de investigaci\u00f3n Carewell explor\u00f3 la relaci\u00f3n entre los cuidados, las desigualdades y el bienestar a lo largo de diferentes generaciones de familias transnacionales en Europa, con un enfoque en Reino Unido, Espa\u00f1a, Francia y Suecia. Coordinado por Ruth Evans (Universidad de Reading) y Rosa Mas-Giralt (Universidad de Leeds), con Laura Oso como investigadora principal en Espa\u00f1a, el estudio emple\u00f3 una metodolog\u00eda etnogr\u00e1fica multi-situada y m\u00e9todos visuales, combinados con investigaci\u00f3n-acci\u00f3n participativa. Esta metodolog\u00eda colaborativa foment\u00f3 la coproducci\u00f3n de conocimiento con diversos actores sociales, incluyendo investigadores comunitarios, personas de origen migrante que llevan a cabo investigaciones participativas dentro de sus comunidades, trabajando directamente con sus miembros para identificar cuestiones clave, recopilar datos y proponer soluciones concretas.<\/h5>\n<ul>\n<li><strong>Link de la p\u00e1gina web del proyecto europeo:<\/strong> <a id=\"m_-5768224322277741244LPlnk396750\" style=\"font-family: inherit; font-size: inherit; font-style: inherit; font-variant-ligatures: inherit; font-variant-caps: inherit; font-weight: inherit;\" href=\"https:\/\/research.reading.ac.uk\/transnational-families\/\" target=\"_blank\" rel=\"noopener\" data-saferedirecturl=\"https:\/\/www.google.com\/url?q=https:\/\/research.reading.ac.uk\/transnational-families\/&amp;source=gmail&amp;ust=1743711779066000&amp;usg=AOvVaw1P2N3acb25xWkD2uB-E_iH\">https:\/\/research.reading.ac.<wbr \/>uk\/transnational-families\/<\/a><\/li>\n<li><strong>Canal de youtube del proyecto europeo:<\/strong> <a id=\"m_-5768224322277741244LPlnk878207\" href=\"https:\/\/www.youtube.com\/@CAREWELLTransnationalFamilies\" target=\"_blank\" rel=\"noopener\" data-saferedirecturl=\"https:\/\/www.google.com\/url?q=https:\/\/www.youtube.com\/@CAREWELLTransnationalFamilies&amp;source=gmail&amp;ust=1743711779066000&amp;usg=AOvVaw31RI_5arC4f8LNcGUOcdtn\">https:\/\/www.youtube.com\/@<wbr \/>CAREWELLTransnationalFamilies<\/a><\/li>\n<\/ul>\n<p>[\/vc_column_text][\/vc_column][\/vc_row][vc_row][vc_column][vc_column_text]<\/p>\n<h6 style=\"text-align: center;\">This Project PCI2021-121924, was founded by MCIN\/AEI\/10.13039\/501100011033 and by the European Union \u201cNextGenerationEU\u201d\/PRTR&#8221;<\/h6>\n<p>[\/vc_column_text][\/vc_column][\/vc_row][vc_row padding_top_multiplier=&#8221;&#8221; padding_bottom_multiplier=&#8221;&#8221; columns_gap=&#8221;none&#8221;][vc_column width=&#8221;1\/4&#8243; css=&#8221;.vc_custom_1741773056607{padding-right: 0% !important;padding-left: 0% !important;}&#8221;][\/vc_column][vc_column width=&#8221;1\/2&#8243;]<div class=\"grve-element grve-image grve-align-center\" style=\"\">  <div class=\"grve-image-wrapper\"><img decoding=\"async\" width=\"1366\" height=\"260\" src=\"https:\/\/www.carewell.es\/wp-content\/uploads\/2025\/03\/logos_carewell_es.png\" class=\"attachment-full size-full\" alt=\"\" srcset=\"https:\/\/www.carewell.es\/wp-content\/uploads\/2025\/03\/logos_carewell_es.png 1366w, https:\/\/www.carewell.es\/wp-content\/uploads\/2025\/03\/logos_carewell_es-300x57.png 300w, https:\/\/www.carewell.es\/wp-content\/uploads\/2025\/03\/logos_carewell_es-1024x195.png 1024w, https:\/\/www.carewell.es\/wp-content\/uploads\/2025\/03\/logos_carewell_es-768x146.png 768w\" sizes=\"(max-width: 1366px) 100vw, 1366px\" \/>   <\/div><\/div>[\/vc_column][vc_column width=&#8221;1\/4&#8243;][\/vc_column][\/vc_row][vc_row padding_top_multiplier=&#8221;&#8221; padding_bottom_multiplier=&#8221;&#8221;][vc_column width=&#8221;1\/4&#8243;][\/vc_column][vc_column width=&#8221;1\/2&#8243;]<div class=\"grve-element grve-image grve-align-center\" style=\"\">  <div class=\"grve-image-wrapper\"><img decoding=\"async\" width=\"2560\" height=\"562\" src=\"https:\/\/www.carewell.es\/wp-content\/uploads\/2025\/01\/logos_proyecto_europeo.png\" class=\"attachment-full size-full\" alt=\"\" srcset=\"https:\/\/www.carewell.es\/wp-content\/uploads\/2025\/01\/logos_proyecto_europeo.png 2560w, https:\/\/www.carewell.es\/wp-content\/uploads\/2025\/01\/logos_proyecto_europeo-300x66.png 300w, https:\/\/www.carewell.es\/wp-content\/uploads\/2025\/01\/logos_proyecto_europeo-1024x225.png 1024w, https:\/\/www.carewell.es\/wp-content\/uploads\/2025\/01\/logos_proyecto_europeo-768x169.png 768w, https:\/\/www.carewell.es\/wp-content\/uploads\/2025\/01\/logos_proyecto_europeo-1536x337.png 1536w, https:\/\/www.carewell.es\/wp-content\/uploads\/2025\/01\/logos_proyecto_europeo-1920x422.png 1920w\" sizes=\"(max-width: 2560px) 100vw, 2560px\" \/>   <\/div><\/div>[\/vc_column][vc_column width=&#8221;1\/4&#8243;][\/vc_column][\/vc_row][vc_row][vc_column width=&#8221;1\/4&#8243;][\/vc_column][vc_column width=&#8221;1\/2&#8243;]<div class=\"grve-element grve-image grve-align-center\" style=\"\">  <div class=\"grve-image-wrapper\"><img decoding=\"async\" width=\"300\" height=\"48\" src=\"https:\/\/www.carewell.es\/wp-content\/uploads\/2025\/03\/logos_carewell_esomi-300x48.png\" class=\"attachment-medium size-medium\" alt=\"\" srcset=\"https:\/\/www.carewell.es\/wp-content\/uploads\/2025\/03\/logos_carewell_esomi-300x48.png 300w, https:\/\/www.carewell.es\/wp-content\/uploads\/2025\/03\/logos_carewell_esomi-1024x163.png 1024w, https:\/\/www.carewell.es\/wp-content\/uploads\/2025\/03\/logos_carewell_esomi-768x123.png 768w, https:\/\/www.carewell.es\/wp-content\/uploads\/2025\/03\/logos_carewell_esomi.png 1028w\" sizes=\"(max-width: 300px) 100vw, 300px\" \/>   <\/div><\/div>[\/vc_column][vc_column width=&#8221;1\/4&#8243; css=&#8221;.vc_custom_1738243621966{padding-top: 10% !important;}&#8221;][\/vc_column][\/vc_row]<\/p>\n","protected":false},"excerpt":{"rendered":"<p>[vc_row section_type=&#8221;fullwidth&#8221; padding_top_multiplier=&#8221;&#8221; columns_gap=&#8221;none&#8221; mobile_visibility=&#8221;hide&#8221;][vc_column css=&#8221;.vc_custom_1741694134817{padding-right: 0% !important;padding-left: 0% !important;}&#8221;][\/vc_column][\/vc_row][vc_row section_type=&#8221;fullwidth&#8221; padding_top_multiplier=&#8221;&#8221; columns_gap=&#8221;none&#8221; desktop_visibility=&#8221;hide&#8221; tablet_visibility=&#8221;hide&#8221; tablet_sm_visibility=&#8221;hide&#8221;][vc_column css=&#8221;.vc_custom_1741694134817{padding-right: 0% !important;padding-left: 0% !important;}&#8221;][\/vc_column][\/vc_row][vc_row][vc_column][vc_column_text] El proyecto de investigaci\u00f3n Carewell explor\u00f3 la relaci\u00f3n entre los cuidados, las desigualdades y el bienestar a lo largo de diferentes generaciones de familias transnacionales en Europa, con un enfoque en Reino Unido, Espa\u00f1a, [&hellip;]<\/p>\n","protected":false},"author":1,"featured_media":0,"parent":0,"menu_order":0,"comment_status":"closed","ping_status":"closed","template":"","meta":{"footnotes":""},"class_list":["post-16","page","type-page","status-publish","hentry"],"_links":{"self":[{"href":"https:\/\/www.carewell.es\/index.php\/wp-json\/wp\/v2\/pages\/16","targetHints":{"allow":["GET"]}}],"collection":[{"href":"https:\/\/www.carewell.es\/index.php\/wp-json\/wp\/v2\/pages"}],"about":[{"href":"https:\/\/www.carewell.es\/index.php\/wp-json\/wp\/v2\/types\/page"}],"author":[{"embeddable":true,"href":"https:\/\/www.carewell.es\/index.php\/wp-json\/wp\/v2\/users\/1"}],"replies":[{"embeddable":true,"href":"https:\/\/www.carewell.es\/index.php\/wp-json\/wp\/v2\/comments?post=16"}],"version-history":[{"count":54,"href":"https:\/\/www.carewell.es\/index.php\/wp-json\/wp\/v2\/pages\/16\/revisions"}],"predecessor-version":[{"id":675,"href":"https:\/\/www.carewell.es\/index.php\/wp-json\/wp\/v2\/pages\/16\/revisions\/675"}],"wp:attachment":[{"href":"https:\/\/www.carewell.es\/index.php\/wp-json\/wp\/v2\/media?parent=16"}],"curies":[{"name":"wp","href":"https:\/\/api.w.org\/{rel}","templated":true}]}}

<p>[vc_row section_type=&#8221;fullwidth&#8221; padding_top_multiplier=&#8221;&#8221; columns_gap=&#8221;none&#8221; mobile_visibility=&#8221;hide&#8221;][vc_column css=&#8221;.vc_custom_1741694134817{padding-right: 0% !important;padding-left: 0% !important;}&#8221;]<div class="grve-element grve-image grve-align-center" style="">  <div class="grve-image-wrapper"><img decoding="async" width="2560" height="700" src="https://www.carewell.es/wp-content/uploads/2025/01/carewell_portada.png" class="attachment-full size-full" alt="" srcset="https://www.carewell.es/wp-content/uploads/2025/01/carewell_portada.png 2560w, https://www.carewell.es/wp-content/uploads/2025/01/carewell_portada-300x82.png 300w, https://www.carewell.es/wp-content/uploads/2025/01/carewell_portada-1024x280.png 1024w, https://www.carewell.es/wp-content/uploads/2025/01/carewell_portada-768x210.png 768w, https://www.carewell.es/wp-content/uploads/2025/01/carewell_portada-1536x420.png 1536w, https://www.carewell.es/wp-content/uploads/2025/01/carewell_portada-1920x525.png 1920w" sizes="(max-width: 2560px) 100vw, 2560px" />   </div></div>[/vc_column][/vc_row][vc_row section_type=&#8221;fullwidth&#8221; padding_top_multiplier=&#8221;&#8221; columns_gap=&#8221;none&#8221; desktop_visibility=&#8221;hide&#8221; tablet_visibility=&#8221;hide&#8221; tablet_sm_visibility=&#8221;hide&#8221;][vc_column css=&#8221;.vc_custom_1741694134817{padding-right: 0% !important;padding-left: 0% !important;}&#8221;]<div class="grve-element grve-image grve-align-center" style="">  <div class="grve-image-wrapper"><img decoding="async" width="1614" height="700" src="https://www.carewell.es/wp-content/uploads/2025/03/carewell_portada_movil.png" class="attachment-full size-full" alt="" srcset="https://www.carewell.es/wp-content/uploads/2025/03/carewell_portada_movil.png 1614w, https://www.carewell.es/wp-content/uploads/2025/03/carewell_portada_movil-300x130.png 300w, https://www.carewell.es/wp-content/uploads/2025/03/carewell_portada_movil-1024x444.png 1024w, https://www.carewell.es/wp-content/uploads/2025/03/carewell_portada_movil-768x333.png 768w, https://www.carewell.es/wp-content/uploads/2025/03/carewell_portada_movil-1536x666.png 1536w" sizes="(max-width: 1614px) 100vw, 1614px" />   </div></div>[/vc_column][/vc_row][vc_row][vc_column][vc_column_text]</p>
<h5>El proyecto de investigación Carewell exploró la relación entre los cuidados, las desigualdades y el bienestar a lo largo de diferentes generaciones de familias transnacionales en Europa, con un enfoque en Reino Unido, España, Francia y Suecia. Coordinado por Ruth Evans (Universidad de Reading) y Rosa Mas-Giralt (Universidad de Leeds), con Laura Oso como investigadora principal en España, el estudio empleó una metodología etnográfica multi-situada y métodos visuales, combinados con investigación-acción participativa. Esta metodología colaborativa fomentó la coproducción de conocimiento con diversos actores sociales, incluyendo investigadores comunitarios, personas de origen migrante que llevan a cabo investigaciones participativas dentro de sus comunidades, trabajando directamente con sus miembros para identificar cuestiones clave, recopilar datos y proponer soluciones concretas.</h5>
<ul>
<li><strong>Link de la página web del proyecto europeo:</strong> <a id="m_-5768224322277741244LPlnk396750" style="font-family: inherit; font-size: inherit; font-style: inherit; font-variant-ligatures: inherit; font-variant-caps: inherit; font-weight: inherit;" href="https://research.reading.ac.uk/transnational-families/" target="_blank" rel="noopener" data-saferedirecturl="https://www.google.com/url?q=https://research.reading.ac.uk/transnational-families/&amp;source=gmail&amp;ust=1743711779066000&amp;usg=AOvVaw1P2N3acb25xWkD2uB-E_iH">https://research.reading.ac.<wbr />uk/transnational-families/</a></li>
<li><strong>Canal de youtube del proyecto europeo:</strong> <a id="m_-5768224322277741244LPlnk878207" href="https://www.youtube.com/@CAREWELLTransnationalFamilies" target="_blank" rel="noopener" data-saferedirecturl="https://www.google.com/url?q=https://www.youtube.com/@CAREWELLTransnationalFamilies&amp;source=gmail&amp;ust=1743711779066000&amp;usg=AOvVaw31RI_5arC4f8LNcGUOcdtn">https://www.youtube.com/@<wbr />CAREWELLTransnationalFamilies</a></li>
</ul>
<p>[/vc_column_text][/vc_column][/vc_row][vc_row][vc_column][vc_column_text]</p>
<h6 style="text-align: center;">This Project PCI2021-121924, was founded by MCIN/AEI/10.13039/501100011033 and by the European Union “NextGenerationEU”/PRTR&#8221;</h6>
<p>[/vc_column_text][/vc_column][/vc_row][vc_row padding_top_multiplier=&#8221;&#8221; padding_bottom_multiplier=&#8221;&#8221; columns_gap=&#8221;none&#8221;][vc_column width=&#8221;1/4&#8243; css=&#8221;.vc_custom_1741773056607{padding-right: 0% !important;padding-left: 0% !important;}&#8221;][/vc_column][vc_column width=&#8221;1/2&#8243;]<div class="grve-element grve-image grve-align-center" style="">  <div class="grve-image-wrapper"><img decoding="async" width="1366" height="260" src="https://www.carewell.es/wp-content/uploads/2025/03/logos_carewell_es.png" class="attachment-full size-full" alt="" srcset="https://www.carewell.es/wp-content/uploads/2025/03/logos_carewell_es.png 1366w, https://www.carewell.es/wp-content/uploads/2025/03/logos_carewell_es-300x57.png 300w, https://www.carewell.es/wp-content/uploads/2025/03/logos_carewell_es-1024x195.png 1024w, https://www.carewell.es/wp-content/uploads/2025/03/logos_carewell_es-768x146.png 768w" sizes="(max-width: 1366px) 100vw, 1366px" />   </div></div>[/vc_column][vc_column width=&#8221;1/4&#8243;][/vc_column][/vc_row][vc_row padding_top_multiplier=&#8221;&#8221; padding_bottom_multiplier=&#8221;&#8221;][vc_column width=&#8221;1/4&#8243;][/vc_column][vc_column width=&#8221;1/2&#8243;]<div class="grve-element grve-image grve-align-center" style="">  <div class="grve-image-wrapper"><img decoding="async" width="2560" height="562" src="https://www.carewell.es/wp-content/uploads/2025/01/logos_proyecto_europeo.png" class="attachment-full size-full" alt="" srcset="https://www.carewell.es/wp-content/uploads/2025/01/logos_proyecto_europeo.png 2560w, https://www.carewell.es/wp-content/uploads/2025/01/logos_proyecto_europeo-300x66.png 300w, https://www.carewell.es/wp-content/uploads/2025/01/logos_proyecto_europeo-1024x225.png 1024w, https://www.carewell.es/wp-content/uploads/2025/01/logos_proyecto_europeo-768x169.png 768w, https://www.carewell.es/wp-content/uploads/2025/01/logos_proyecto_europeo-1536x337.png 1536w, https://www.carewell.es/wp-content/uploads/2025/01/logos_proyecto_europeo-1920x422.png 1920w" sizes="(max-width: 2560px) 100vw, 2560px" />   </div></div>[/vc_column][vc_column width=&#8221;1/4&#8243;][/vc_column][/vc_row][vc_row][vc_column width=&#8221;1/4&#8243;][/vc_column][vc_column width=&#8221;1/2&#8243;]<div class="grve-element grve-image grve-align-center" style="">  <div class="grve-image-wrapper"><img decoding="async" width="300" height="48" src="https://www.carewell.es/wp-content/uploads/2025/03/logos_carewell_esomi-300x48.png" class="attachment-medium size-medium" alt="" srcset="https://www.carewell.es/wp-content/uploads/2025/03/logos_carewell_esomi-300x48.png 300w, https://www.carewell.es/wp-content/uploads/2025/03/logos_carewell_esomi-1024x163.png 1024w, https://www.carewell.es/wp-content/uploads/2025/03/logos_carewell_esomi-768x123.png 768w, https://www.carewell.es/wp-content/uploads/2025/03/logos_carewell_esomi.png 1028w" sizes="(max-width: 300px) 100vw, 300px" />   </div></div>[/vc_column][vc_column width=&#8221;1/4&#8243; css=&#8221;.vc_custom_1738243621966{padding-top: 10% !important;}&#8221;][/vc_column][/vc_row]</p>

<p>[vc_row section_type=&#8221;fullwidth&#8221; padding_top_multiplier=&#8221;&#8221; columns_gap=&#8221;none&#8221; mobile_visibility=&#8221;hide&#8221;][vc_column css=&#8221;.vc_custom_1741694134817{padding-right: 0% !important;padding-left: 0% !important;}&#8221;][/vc_column][/vc_row][vc_row section_type=&#8221;fullwidth&#8221; padding_top_multiplier=&#8221;&#8221; columns_gap=&#8221;none&#8221; desktop_visibility=&#8221;hide&#8221; tablet_visibility=&#8221;hide&#8221; tablet_sm_visibility=&#8221;hide&#8221;][vc_column css=&#8221;.vc_custom_1741694134817{padding-right: 0% !important;padding-left: 0% !important;}&#8221;][/vc_column][/vc_row][vc_row][vc_column][vc_column_text] El proyecto de investigación Carewell exploró la relación entre los cuidados, las desigualdades y el bienestar a lo largo de diferentes generaciones de familias transnacionales en Europa, con un enfoque en Reino Unido, España, [&hellip;]</p>
